{"id":16150,"date":"2025-09-08T10:26:44","date_gmt":"2025-09-08T08:26:44","guid":{"rendered":"https:\/\/visitpalma.com\/?post_type=tribe_events&#038;p=16150"},"modified":"2025-09-08T10:26:44","modified_gmt":"2025-09-08T08:26:44","slug":"tosca","status":"publish","type":"tribe_events","link":"https:\/\/visitpalma.com\/es\/event\/tosca\/","title":{"rendered":"Tosca"},"content":{"rendered":"<p data-start=\"225\" data-end=\"622\">La \u00f3pera <strong data-start=\"234\" data-end=\"243\">Tosca<\/strong>, una de las obras m\u00e1s emblem\u00e1ticas de Giacomo Puccini, se presenta en el <strong data-start=\"317\" data-end=\"346\">Teatre Principal de Palma<\/strong> los d\u00edas <strong data-start=\"356\" data-end=\"390\">22, 24 y 26 de octubre de 2025<\/strong>. Esta producci\u00f3n, proveniente del <strong data-start=\"425\" data-end=\"454\">Teatro Massimo de Palermo<\/strong>, contar\u00e1 con la destacada participaci\u00f3n del bar\u00edtono menorqu\u00edn <strong data-start=\"518\" data-end=\"534\">Sim\u00f3n Orfila<\/strong> en el papel de <strong data-start=\"550\" data-end=\"561\">Scarpia<\/strong>, uno de los villanos m\u00e1s ic\u00f3nicos del repertorio oper\u00edstico.<\/p>\n<p data-start=\"624\" data-end=\"977\">Ambientada en la Roma de 1800 durante la invasi\u00f3n napole\u00f3nica, <strong data-start=\"687\" data-end=\"696\">Tosca<\/strong> narra una apasionada historia de amor, traici\u00f3n y sacrificio. La obra se caracteriza por su intensidad dram\u00e1tica y musical, incluyendo arias c\u00e9lebres como <em data-start=\"852\" data-end=\"866\">Vissi d\u2019arte<\/em> y <em data-start=\"869\" data-end=\"890\">E lucevan le stelle<\/em>. La representaci\u00f3n ser\u00e1 en italiano, con sobret\u00edtulos en catal\u00e1n, castellano e ingl\u00e9s.<\/p>\n","protected":false},"excerpt":{"rendered":"<p>La \u00f3pera Tosca, una de las obras m\u00e1s emblem\u00e1ticas de Giacomo Puccini, se presenta en el Teatre Principal de Palma los d\u00edas 22, 24 y 26 de octubre de 2025. [&hellip;]<\/p>\n","protected":false},"author":4,"featured_media":16151,"template":"","meta":{"_monsterinsights_skip_tracking":false,"_monsterinsights_sitenote_active":false,"_monsterinsights_sitenote_note":"","_monsterinsights_sitenote_category":0,"_tribe_events_status":"","_tribe_events_status_reason":"","footnotes":""},"tags":[],"tribe_events_cat":[51],"class_list":["post-16150","tribe_events","type-tribe_events","status-publish","has-post-thumbnail","hentry","tribe_events_cat-musica-danza","cat_musica-danza"],"yoast_head":"<!-- This site is optimized with the Yoast SEO plugin v27.4 - https:\/\/yoast.com\/product\/yoast-seo-wordpress\/ -->\n<title>Tosca de Puccini en el Teatre Principal de Palma \u2013 Octubre 2025<\/title>\n<meta name=\"description\" content=\"Disfruta de la \u00f3pera Tosca de Puccini en el Teatre Principal de Palma los d\u00edas 22, 24 y 26 de octubre de 2025. Entradas desde 10 \u20ac.\" \/>\n<meta name=\"robots\" content=\"index, follow, max-snippet:-1, max-image-preview:large, max-video-preview:-1\" \/>\n<link rel=\"canonical\" href=\"https:\/\/visitpalma.com\/es\/event\/tosca\/\" \/>\n<meta property=\"og:locale\" content=\"es_ES\" \/>\n<meta property=\"og:type\" content=\"article\" \/>\n<meta property=\"og:title\" content=\"Tosca de Puccini en el Teatre Principal de Palma \u2013 Octubre 2025\" \/>\n<meta property=\"og:description\" content=\"Disfruta de la \u00f3pera Tosca de Puccini en el Teatre Principal de Palma los d\u00edas 22, 24 y 26 de octubre de 2025. Entradas desde 10 \u20ac.\" \/>\n<meta property=\"og:url\" content=\"https:\/\/visitpalma.com\/es\/event\/tosca\/\" \/>\n<meta property=\"og:site_name\" content=\"Visit Palma\" \/>\n<meta property=\"article:publisher\" content=\"https:\/\/www.facebook.com\/passionforpalma\" \/>\n<meta property=\"og:image\" content=\"https:\/\/visitpalma.com\/wp-content\/uploads\/2025\/09\/Tosca-Palma-2025.jpg\" \/>\n\t<meta property=\"og:image:width\" content=\"1140\" \/>\n\t<meta property=\"og:image:height\" content=\"600\" \/>\n\t<meta property=\"og:image:type\" content=\"image\/jpeg\" \/>\n<meta name=\"twitter:card\" content=\"summary_large_image\" \/>\n<meta name=\"twitter:site\" content=\"@passionforpalma\" \/>\n<meta name=\"twitter:label1\" content=\"Tiempo de lectura\" \/>\n\t<meta name=\"twitter:data1\" content=\"1 minuto\" \/>\n<script type=\"application\/ld+json\" class=\"yoast-schema-graph\">{\"@context\":\"https:\\\/\\\/schema.org\",\"@graph\":[{\"@type\":\"WebPage\",\"@id\":\"https:\\\/\\\/visitpalma.com\\\/es\\\/event\\\/tosca\\\/\",\"url\":\"https:\\\/\\\/visitpalma.com\\\/es\\\/event\\\/tosca\\\/\",\"name\":\"Tosca de Puccini en el Teatre Principal de Palma \u2013 Octubre 2025\",\"isPartOf\":{\"@id\":\"https:\\\/\\\/visitpalma.com\\\/es\\\/#website\"},\"primaryImageOfPage\":{\"@id\":\"https:\\\/\\\/visitpalma.com\\\/es\\\/event\\\/tosca\\\/#primaryimage\"},\"image\":{\"@id\":\"https:\\\/\\\/visitpalma.com\\\/es\\\/event\\\/tosca\\\/#primaryimage\"},\"thumbnailUrl\":\"https:\\\/\\\/visitpalma.com\\\/wp-content\\\/uploads\\\/2025\\\/09\\\/Tosca-Palma-2025.jpg\",\"datePublished\":\"2025-09-08T08:26:44+00:00\",\"description\":\"Disfruta de la \u00f3pera Tosca de Puccini en el Teatre Principal de Palma los d\u00edas 22, 24 y 26 de octubre de 2025. Entradas desde 10 \u20ac.\",\"breadcrumb\":{\"@id\":\"https:\\\/\\\/visitpalma.com\\\/es\\\/event\\\/tosca\\\/#breadcrumb\"},\"inLanguage\":\"es\",\"potentialAction\":[{\"@type\":\"ReadAction\",\"target\":[\"https:\\\/\\\/visitpalma.com\\\/es\\\/event\\\/tosca\\\/\"]}]},{\"@type\":\"ImageObject\",\"inLanguage\":\"es\",\"@id\":\"https:\\\/\\\/visitpalma.com\\\/es\\\/event\\\/tosca\\\/#primaryimage\",\"url\":\"https:\\\/\\\/visitpalma.com\\\/wp-content\\\/uploads\\\/2025\\\/09\\\/Tosca-Palma-2025.jpg\",\"contentUrl\":\"https:\\\/\\\/visitpalma.com\\\/wp-content\\\/uploads\\\/2025\\\/09\\\/Tosca-Palma-2025.jpg\",\"width\":1140,\"height\":600,\"caption\":\"Tosca Palma 2025\"},{\"@type\":\"BreadcrumbList\",\"@id\":\"https:\\\/\\\/visitpalma.com\\\/es\\\/event\\\/tosca\\\/#breadcrumb\",\"itemListElement\":[{\"@type\":\"ListItem\",\"position\":1,\"name\":\"Inicio\",\"item\":\"https:\\\/\\\/visitpalma.com\\\/es\\\/\"},{\"@type\":\"ListItem\",\"position\":2,\"name\":\"Eventos\",\"item\":\"https:\\\/\\\/visitpalma.com\\\/es\\\/events\\\/\"},{\"@type\":\"ListItem\",\"position\":3,\"name\":\"Tosca\"}]},{\"@type\":\"WebSite\",\"@id\":\"https:\\\/\\\/visitpalma.com\\\/es\\\/#website\",\"url\":\"https:\\\/\\\/visitpalma.com\\\/es\\\/\",\"name\":\"Visit Palma\",\"description\":\"\",\"publisher\":{\"@id\":\"https:\\\/\\\/visitpalma.com\\\/es\\\/#organization\"},\"potentialAction\":[{\"@type\":\"SearchAction\",\"target\":{\"@type\":\"EntryPoint\",\"urlTemplate\":\"https:\\\/\\\/visitpalma.com\\\/es\\\/?s={search_term_string}\"},\"query-input\":{\"@type\":\"PropertyValueSpecification\",\"valueRequired\":true,\"valueName\":\"search_term_string\"}}],\"inLanguage\":\"es\"},{\"@type\":\"Organization\",\"@id\":\"https:\\\/\\\/visitpalma.com\\\/es\\\/#organization\",\"name\":\"Fundaci\u00f3n Turismo Palma de Mallorca 365\",\"url\":\"https:\\\/\\\/visitpalma.com\\\/es\\\/\",\"logo\":{\"@type\":\"ImageObject\",\"inLanguage\":\"es\",\"@id\":\"https:\\\/\\\/visitpalma.com\\\/es\\\/#\\\/schema\\\/logo\\\/image\\\/\",\"url\":\"https:\\\/\\\/visitpalma.com\\\/wp-content\\\/uploads\\\/2025\\\/05\\\/Logo-Passion-for-Palma-de-Mallorca.svg\",\"contentUrl\":\"https:\\\/\\\/visitpalma.com\\\/wp-content\\\/uploads\\\/2025\\\/05\\\/Logo-Passion-for-Palma-de-Mallorca.svg\",\"width\":377,\"height\":377,\"caption\":\"Fundaci\u00f3n Turismo Palma de Mallorca 365\"},\"image\":{\"@id\":\"https:\\\/\\\/visitpalma.com\\\/es\\\/#\\\/schema\\\/logo\\\/image\\\/\"},\"sameAs\":[\"https:\\\/\\\/www.facebook.com\\\/passionforpalma\",\"https:\\\/\\\/x.com\\\/passionforpalma\",\"https:\\\/\\\/www.instagram.com\\\/passionforpalma_\\\/\",\"https:\\\/\\\/www.youtube.com\\\/channel\\\/UCALF2N1FRnmAZYBttkQjedA\"]}]}<\/script>\n<!-- \/ Yoast SEO plugin. -->","yoast_head_json":{"title":"Tosca de Puccini en el Teatre Principal de Palma \u2013 Octubre 2025","description":"Disfruta de la \u00f3pera Tosca de Puccini en el Teatre Principal de Palma los d\u00edas 22, 24 y 26 de octubre de 2025. Entradas desde 10 \u20ac.","robots":{"index":"index","follow":"follow","max-snippet":"max-snippet:-1","max-image-preview":"max-image-preview:large","max-video-preview":"max-video-preview:-1"},"canonical":"https:\/\/visitpalma.com\/es\/event\/tosca\/","og_locale":"es_ES","og_type":"article","og_title":"Tosca de Puccini en el Teatre Principal de Palma \u2013 Octubre 2025","og_description":"Disfruta de la \u00f3pera Tosca de Puccini en el Teatre Principal de Palma los d\u00edas 22, 24 y 26 de octubre de 2025. Entradas desde 10 \u20ac.","og_url":"https:\/\/visitpalma.com\/es\/event\/tosca\/","og_site_name":"Visit Palma","article_publisher":"https:\/\/www.facebook.com\/passionforpalma","og_image":[{"width":1140,"height":600,"url":"https:\/\/visitpalma.com\/wp-content\/uploads\/2025\/09\/Tosca-Palma-2025.jpg","type":"image\/jpeg"}],"twitter_card":"summary_large_image","twitter_site":"@passionforpalma","twitter_misc":{"Tiempo de lectura":"1 minuto"},"schema":{"@context":"https:\/\/schema.org","@graph":[{"@type":"WebPage","@id":"https:\/\/visitpalma.com\/es\/event\/tosca\/","url":"https:\/\/visitpalma.com\/es\/event\/tosca\/","name":"Tosca de Puccini en el Teatre Principal de Palma \u2013 Octubre 2025","isPartOf":{"@id":"https:\/\/visitpalma.com\/es\/#website"},"primaryImageOfPage":{"@id":"https:\/\/visitpalma.com\/es\/event\/tosca\/#primaryimage"},"image":{"@id":"https:\/\/visitpalma.com\/es\/event\/tosca\/#primaryimage"},"thumbnailUrl":"https:\/\/visitpalma.com\/wp-content\/uploads\/2025\/09\/Tosca-Palma-2025.jpg","datePublished":"2025-09-08T08:26:44+00:00","description":"Disfruta de la \u00f3pera Tosca de Puccini en el Teatre Principal de Palma los d\u00edas 22, 24 y 26 de octubre de 2025. Entradas desde 10 \u20ac.","breadcrumb":{"@id":"https:\/\/visitpalma.com\/es\/event\/tosca\/#breadcrumb"},"inLanguage":"es","potentialAction":[{"@type":"ReadAction","target":["https:\/\/visitpalma.com\/es\/event\/tosca\/"]}]},{"@type":"ImageObject","inLanguage":"es","@id":"https:\/\/visitpalma.com\/es\/event\/tosca\/#primaryimage","url":"https:\/\/visitpalma.com\/wp-content\/uploads\/2025\/09\/Tosca-Palma-2025.jpg","contentUrl":"https:\/\/visitpalma.com\/wp-content\/uploads\/2025\/09\/Tosca-Palma-2025.jpg","width":1140,"height":600,"caption":"Tosca Palma 2025"},{"@type":"BreadcrumbList","@id":"https:\/\/visitpalma.com\/es\/event\/tosca\/#breadcrumb","itemListElement":[{"@type":"ListItem","position":1,"name":"Inicio","item":"https:\/\/visitpalma.com\/es\/"},{"@type":"ListItem","position":2,"name":"Eventos","item":"https:\/\/visitpalma.com\/es\/events\/"},{"@type":"ListItem","position":3,"name":"Tosca"}]},{"@type":"WebSite","@id":"https:\/\/visitpalma.com\/es\/#website","url":"https:\/\/visitpalma.com\/es\/","name":"Visit Palma","description":"","publisher":{"@id":"https:\/\/visitpalma.com\/es\/#organization"},"potentialAction":[{"@type":"SearchAction","target":{"@type":"EntryPoint","urlTemplate":"https:\/\/visitpalma.com\/es\/?s={search_term_string}"},"query-input":{"@type":"PropertyValueSpecification","valueRequired":true,"valueName":"search_term_string"}}],"inLanguage":"es"},{"@type":"Organization","@id":"https:\/\/visitpalma.com\/es\/#organization","name":"Fundaci\u00f3n Turismo Palma de Mallorca 365","url":"https:\/\/visitpalma.com\/es\/","logo":{"@type":"ImageObject","inLanguage":"es","@id":"https:\/\/visitpalma.com\/es\/#\/schema\/logo\/image\/","url":"https:\/\/visitpalma.com\/wp-content\/uploads\/2025\/05\/Logo-Passion-for-Palma-de-Mallorca.svg","contentUrl":"https:\/\/visitpalma.com\/wp-content\/uploads\/2025\/05\/Logo-Passion-for-Palma-de-Mallorca.svg","width":377,"height":377,"caption":"Fundaci\u00f3n Turismo Palma de Mallorca 365"},"image":{"@id":"https:\/\/visitpalma.com\/es\/#\/schema\/logo\/image\/"},"sameAs":["https:\/\/www.facebook.com\/passionforpalma","https:\/\/x.com\/passionforpalma","https:\/\/www.instagram.com\/passionforpalma_\/","https:\/\/www.youtube.com\/channel\/UCALF2N1FRnmAZYBttkQjedA"]}]}},"_links":{"self":[{"href":"https:\/\/visitpalma.com\/es\/wp-json\/wp\/v2\/tribe_events\/16150","targetHints":{"allow":["GET"]}}],"collection":[{"href":"https:\/\/visitpalma.com\/es\/wp-json\/wp\/v2\/tribe_events"}],"about":[{"href":"https:\/\/visitpalma.com\/es\/wp-json\/wp\/v2\/types\/tribe_events"}],"author":[{"embeddable":true,"href":"https:\/\/visitpalma.com\/es\/wp-json\/wp\/v2\/users\/4"}],"version-history":[{"count":1,"href":"https:\/\/visitpalma.com\/es\/wp-json\/wp\/v2\/tribe_events\/16150\/revisions"}],"predecessor-version":[{"id":16155,"href":"https:\/\/visitpalma.com\/es\/wp-json\/wp\/v2\/tribe_events\/16150\/revisions\/16155"}],"wp:featuredmedia":[{"embeddable":true,"href":"https:\/\/visitpalma.com\/es\/wp-json\/wp\/v2\/media\/16151"}],"wp:attachment":[{"href":"https:\/\/visitpalma.com\/es\/wp-json\/wp\/v2\/media?parent=16150"}],"wp:term":[{"taxonomy":"post_tag","embeddable":true,"href":"https:\/\/visitpalma.com\/es\/wp-json\/wp\/v2\/tags?post=16150"},{"taxonomy":"tribe_events_cat","embeddable":true,"href":"https:\/\/visitpalma.com\/es\/wp-json\/wp\/v2\/tribe_events_cat?post=16150"}],"curies":[{"name":"wp","href":"https:\/\/api.w.org\/{rel}","templated":true}]}}

<p data-start="225" data-end="622">La ópera <strong data-start="234" data-end="243">Tosca</strong>, una de las obras más emblemáticas de Giacomo Puccini, se presenta en el <strong data-start="317" data-end="346">Teatre Principal de Palma</strong> los días <strong data-start="356" data-end="390">22, 24 y 26 de octubre de 2025</strong>. Esta producción, proveniente del <strong data-start="425" data-end="454">Teatro Massimo de Palermo</strong>, contará con la destacada participación del barítono menorquín <strong data-start="518" data-end="534">Simón Orfila</strong> en el papel de <strong data-start="550" data-end="561">Scarpia</strong>, uno de los villanos más icónicos del repertorio operístico.</p>
<p data-start="624" data-end="977">Ambientada en la Roma de 1800 durante la invasión napoleónica, <strong data-start="687" data-end="696">Tosca</strong> narra una apasionada historia de amor, traición y sacrificio. La obra se caracteriza por su intensidad dramática y musical, incluyendo arias célebres como <em data-start="852" data-end="866">Vissi d’arte</em> y <em data-start="869" data-end="890">E lucevan le stelle</em>. La representación será en italiano, con sobretítulos en catalán, castellano e inglés.</p>

<p>La ópera Tosca, una de las obras más emblemáticas de Giacomo Puccini, se presenta en el Teatre Principal de Palma los días 22, 24 y 26 de octubre de 2025. [&hellip;]</p>

<!-- This site is optimized with the Yoast SEO plugin v27.4 - https://yoast.com/product/yoast-seo-wordpress/ -->
<title>Tosca de Puccini en el Teatre Principal de Palma – Octubre 2025</title>
<meta name="description" content="Disfruta de la ópera Tosca de Puccini en el Teatre Principal de Palma los días 22, 24 y 26 de octubre de 2025. Entradas desde 10 €." />
<meta name="robots" content="index, follow, max-snippet:-1, max-image-preview:large, max-video-preview:-1" />
<link rel="canonical" href="https://visitpalma.com/es/event/tosca/" />
<meta property="og:locale" content="es_ES" />
<meta property="og:type" content="article" />
<meta property="og:title" content="Tosca de Puccini en el Teatre Principal de Palma – Octubre 2025" />
<meta property="og:description" content="Disfruta de la ópera Tosca de Puccini en el Teatre Principal de Palma los días 22, 24 y 26 de octubre de 2025. Entradas desde 10 €." />
<meta property="og:url" content="https://visitpalma.com/es/event/tosca/" />
<meta property="og:site_name" content="Visit Palma" />
<meta property="article:publisher" content="https://www.facebook.com/passionforpalma" />
<meta property="og:image" content="https://visitpalma.com/wp-content/uploads/2025/09/Tosca-Palma-2025.jpg" />
	<meta property="og:image:width" content="1140" />
	<meta property="og:image:height" content="600" />
	<meta property="og:image:type" content="image/jpeg" />
<meta name="twitter:card" content="summary_large_image" />
<meta name="twitter:site" content="@passionforpalma" />
<meta name="twitter:label1" content="Tiempo de lectura" />
	<meta name="twitter:data1" content="1 minuto" />
<script type="application/ld+json" class="yoast-schema-graph">{"@context":"https:\/\/schema.org","@graph":[{"@type":"WebPage","@id":"https:\/\/visitpalma.com\/es\/event\/tosca\/","url":"https:\/\/visitpalma.com\/es\/event\/tosca\/","name":"Tosca de Puccini en el Teatre Principal de Palma – Octubre 2025","isPartOf":{"@id":"https:\/\/visitpalma.com\/es\/#website"},"primaryImageOfPage":{"@id":"https:\/\/visitpalma.com\/es\/event\/tosca\/#primaryimage"},"image":{"@id":"https:\/\/visitpalma.com\/es\/event\/tosca\/#primaryimage"},"thumbnailUrl":"https:\/\/visitpalma.com\/wp-content\/uploads\/2025\/09\/Tosca-Palma-2025.jpg","datePublished":"2025-09-08T08:26:44+00:00","description":"Disfruta de la ópera Tosca de Puccini en el Teatre Principal de Palma los días 22, 24 y 26 de octubre de 2025. Entradas desde 10 €.","breadcrumb":{"@id":"https:\/\/visitpalma.com\/es\/event\/tosca\/#breadcrumb"},"inLanguage":"es","potentialAction":[{"@type":"ReadAction","target":["https:\/\/visitpalma.com\/es\/event\/tosca\/"]}]},{"@type":"ImageObject","inLanguage":"es","@id":"https:\/\/visitpalma.com\/es\/event\/tosca\/#primaryimage","url":"https:\/\/visitpalma.com\/wp-content\/uploads\/2025\/09\/Tosca-Palma-2025.jpg","contentUrl":"https:\/\/visitpalma.com\/wp-content\/uploads\/2025\/09\/Tosca-Palma-2025.jpg","width":1140,"height":600,"caption":"Tosca Palma 2025"},{"@type":"BreadcrumbList","@id":"https:\/\/visitpalma.com\/es\/event\/tosca\/#breadcrumb","itemListElement":[{"@type":"ListItem","position":1,"name":"Inicio","item":"https:\/\/visitpalma.com\/es\/"},{"@type":"ListItem","position":2,"name":"Eventos","item":"https:\/\/visitpalma.com\/es\/events\/"},{"@type":"ListItem","position":3,"name":"Tosca"}]},{"@type":"WebSite","@id":"https:\/\/visitpalma.com\/es\/#website","url":"https:\/\/visitpalma.com\/es\/","name":"Visit Palma","description":"","publisher":{"@id":"https:\/\/visitpalma.com\/es\/#organization"},"potentialAction":[{"@type":"SearchAction","target":{"@type":"EntryPoint","urlTemplate":"https:\/\/visitpalma.com\/es\/?s={search_term_string}"},"query-input":{"@type":"PropertyValueSpecification","valueRequired":true,"valueName":"search_term_string"}}],"inLanguage":"es"},{"@type":"Organization","@id":"https:\/\/visitpalma.com\/es\/#organization","name":"Fundación Turismo Palma de Mallorca 365","url":"https:\/\/visitpalma.com\/es\/","logo":{"@type":"ImageObject","inLanguage":"es","@id":"https:\/\/visitpalma.com\/es\/#\/schema\/logo\/image\/","url":"https:\/\/visitpalma.com\/wp-content\/uploads\/2025\/05\/Logo-Passion-for-Palma-de-Mallorca.svg","contentUrl":"https:\/\/visitpalma.com\/wp-content\/uploads\/2025\/05\/Logo-Passion-for-Palma-de-Mallorca.svg","width":377,"height":377,"caption":"Fundación Turismo Palma de Mallorca 365"},"image":{"@id":"https:\/\/visitpalma.com\/es\/#\/schema\/logo\/image\/"},"sameAs":["https:\/\/www.facebook.com\/passionforpalma","https:\/\/x.com\/passionforpalma","https:\/\/www.instagram.com\/passionforpalma_\/","https:\/\/www.youtube.com\/channel\/UCALF2N1FRnmAZYBttkQjedA"]}]}</script>
<!-- / Yoast SEO plugin. -->

Disfruta de la ópera Tosca de Puccini en el Teatre Principal de Palma los días 22, 24 y 26 de octubre de 2025. Entradas desde 10 €.

Fundación Turismo Palma de Mallorca 365
