{"id":16028,"date":"2025-09-06T11:43:20","date_gmt":"2025-09-06T09:43:20","guid":{"rendered":"https:\/\/visitpalma.com\/?post_type=tribe_events&#038;p=16028"},"modified":"2025-09-06T11:43:20","modified_gmt":"2025-09-06T09:43:20","slug":"comandante-lara-cia","status":"publish","type":"tribe_events","link":"https:\/\/visitpalma.com\/es\/event\/comandante-lara-cia\/","title":{"rendered":"Comandante Lara &#038; C\u00eda"},"content":{"rendered":"<p data-start=\"202\" data-end=\"690\">Prep\u00e1rate para un viaje lleno de risas con <strong data-start=\"259\" data-end=\"278\">Comandante Lara<\/strong> en un espect\u00e1culo \u00fanico en Trui Teatre. Acompa\u00f1ado por su personal de cabina, Vicente Ruidos y Jes\u00fas Tapia, el Comandante guiar\u00e1 al p\u00fablico a trav\u00e9s de un vuelo hacia el pa\u00eds de la carcajada, con chascarrillos, humor y situaciones divertid\u00edsimas. Con las instrucciones de seguridad m\u00e1s originales y la garant\u00eda de <strong data-start=\"593\" data-end=\"610\">AIR kej\u00f6\u00e8rsen<\/strong>, este show promete que todos los pasajeros vivan el mejor vuelo de sus vidas.<\/p>\n<p data-start=\"692\" data-end=\"813\">No te pierdas <strong data-start=\"706\" data-end=\"766\">Comandante Lara en Trui Teatre el 12 de octubre en Palma<\/strong>, un espect\u00e1culo lleno de diversi\u00f3n para todos.<\/p>\n","protected":false},"excerpt":{"rendered":"<p>Prep\u00e1rate para un viaje lleno de risas con Comandante Lara en un espect\u00e1culo \u00fanico en Trui Teatre. Acompa\u00f1ado por su personal de cabina, Vicente Ruidos y Jes\u00fas Tapia, el Comandante [&hellip;]<\/p>\n","protected":false},"author":4,"featured_media":16029,"template":"","meta":{"_monsterinsights_skip_tracking":false,"_monsterinsights_sitenote_active":false,"_monsterinsights_sitenote_note":"","_monsterinsights_sitenote_category":0,"_tribe_events_status":"","_tribe_events_status_reason":"","footnotes":""},"tags":[],"tribe_events_cat":[147],"class_list":["post-16028","tribe_events","type-tribe_events","status-publish","has-post-thumbnail","hentry","tribe_events_cat-teatro-espectaculos","cat_teatro-espectaculos"],"yoast_head":"<!-- This site is optimized with the Yoast SEO plugin v27.4 - https:\/\/yoast.com\/product\/yoast-seo-wordpress\/ -->\n<title>Comandante Lara en Trui Teatre - 12 octubre<\/title>\n<meta name=\"description\" content=\"Disfruta de Comandante Lara y su tripulaci\u00f3n en Trui Teatre, Palma, el 12 de octubre. Humor, risas y diversi\u00f3n garantizada para todos los p\u00fablicos.\" \/>\n<meta name=\"robots\" content=\"index, follow, max-snippet:-1, max-image-preview:large, max-video-preview:-1\" \/>\n<link rel=\"canonical\" href=\"https:\/\/visitpalma.com\/es\/event\/comandante-lara-cia\/\" \/>\n<meta property=\"og:locale\" content=\"es_ES\" \/>\n<meta property=\"og:type\" content=\"article\" \/>\n<meta property=\"og:title\" content=\"Comandante Lara en Trui Teatre - 12 octubre\" \/>\n<meta property=\"og:description\" content=\"Disfruta de Comandante Lara y su tripulaci\u00f3n en Trui Teatre, Palma, el 12 de octubre. Humor, risas y diversi\u00f3n garantizada para todos los p\u00fablicos.\" \/>\n<meta property=\"og:url\" content=\"https:\/\/visitpalma.com\/es\/event\/comandante-lara-cia\/\" \/>\n<meta property=\"og:site_name\" content=\"Visit Palma\" \/>\n<meta property=\"article:publisher\" content=\"https:\/\/www.facebook.com\/passionforpalma\" \/>\n<meta property=\"og:image\" content=\"https:\/\/visitpalma.com\/wp-content\/uploads\/2025\/09\/Comandante-Lara-Cia-Palma-2025.jpg\" \/>\n\t<meta property=\"og:image:width\" content=\"900\" \/>\n\t<meta property=\"og:image:height\" content=\"600\" \/>\n\t<meta property=\"og:image:type\" content=\"image\/jpeg\" \/>\n<meta name=\"twitter:card\" content=\"summary_large_image\" \/>\n<meta name=\"twitter:site\" content=\"@passionforpalma\" \/>\n<meta name=\"twitter:label1\" content=\"Tiempo de lectura\" \/>\n\t<meta name=\"twitter:data1\" content=\"1 minuto\" \/>\n<script type=\"application\/ld+json\" class=\"yoast-schema-graph\">{\"@context\":\"https:\\\/\\\/schema.org\",\"@graph\":[{\"@type\":\"WebPage\",\"@id\":\"https:\\\/\\\/visitpalma.com\\\/es\\\/event\\\/comandante-lara-cia\\\/\",\"url\":\"https:\\\/\\\/visitpalma.com\\\/es\\\/event\\\/comandante-lara-cia\\\/\",\"name\":\"Comandante Lara en Trui Teatre - 12 octubre\",\"isPartOf\":{\"@id\":\"https:\\\/\\\/visitpalma.com\\\/es\\\/#website\"},\"primaryImageOfPage\":{\"@id\":\"https:\\\/\\\/visitpalma.com\\\/es\\\/event\\\/comandante-lara-cia\\\/#primaryimage\"},\"image\":{\"@id\":\"https:\\\/\\\/visitpalma.com\\\/es\\\/event\\\/comandante-lara-cia\\\/#primaryimage\"},\"thumbnailUrl\":\"https:\\\/\\\/visitpalma.com\\\/wp-content\\\/uploads\\\/2025\\\/09\\\/Comandante-Lara-Cia-Palma-2025.jpg\",\"datePublished\":\"2025-09-06T09:43:20+00:00\",\"description\":\"Disfruta de Comandante Lara y su tripulaci\u00f3n en Trui Teatre, Palma, el 12 de octubre. Humor, risas y diversi\u00f3n garantizada para todos los p\u00fablicos.\",\"breadcrumb\":{\"@id\":\"https:\\\/\\\/visitpalma.com\\\/es\\\/event\\\/comandante-lara-cia\\\/#breadcrumb\"},\"inLanguage\":\"es\",\"potentialAction\":[{\"@type\":\"ReadAction\",\"target\":[\"https:\\\/\\\/visitpalma.com\\\/es\\\/event\\\/comandante-lara-cia\\\/\"]}]},{\"@type\":\"ImageObject\",\"inLanguage\":\"es\",\"@id\":\"https:\\\/\\\/visitpalma.com\\\/es\\\/event\\\/comandante-lara-cia\\\/#primaryimage\",\"url\":\"https:\\\/\\\/visitpalma.com\\\/wp-content\\\/uploads\\\/2025\\\/09\\\/Comandante-Lara-Cia-Palma-2025.jpg\",\"contentUrl\":\"https:\\\/\\\/visitpalma.com\\\/wp-content\\\/uploads\\\/2025\\\/09\\\/Comandante-Lara-Cia-Palma-2025.jpg\",\"width\":900,\"height\":600,\"caption\":\"Comandante Lara & Cia Palma 2025\"},{\"@type\":\"BreadcrumbList\",\"@id\":\"https:\\\/\\\/visitpalma.com\\\/es\\\/event\\\/comandante-lara-cia\\\/#breadcrumb\",\"itemListElement\":[{\"@type\":\"ListItem\",\"position\":1,\"name\":\"Inicio\",\"item\":\"https:\\\/\\\/visitpalma.com\\\/es\\\/\"},{\"@type\":\"ListItem\",\"position\":2,\"name\":\"Eventos\",\"item\":\"https:\\\/\\\/visitpalma.com\\\/es\\\/events\\\/\"},{\"@type\":\"ListItem\",\"position\":3,\"name\":\"Comandante Lara &#038; C\u00eda\"}]},{\"@type\":\"WebSite\",\"@id\":\"https:\\\/\\\/visitpalma.com\\\/es\\\/#website\",\"url\":\"https:\\\/\\\/visitpalma.com\\\/es\\\/\",\"name\":\"Visit Palma\",\"description\":\"\",\"publisher\":{\"@id\":\"https:\\\/\\\/visitpalma.com\\\/es\\\/#organization\"},\"potentialAction\":[{\"@type\":\"SearchAction\",\"target\":{\"@type\":\"EntryPoint\",\"urlTemplate\":\"https:\\\/\\\/visitpalma.com\\\/es\\\/?s={search_term_string}\"},\"query-input\":{\"@type\":\"PropertyValueSpecification\",\"valueRequired\":true,\"valueName\":\"search_term_string\"}}],\"inLanguage\":\"es\"},{\"@type\":\"Organization\",\"@id\":\"https:\\\/\\\/visitpalma.com\\\/es\\\/#organization\",\"name\":\"Fundaci\u00f3n Turismo Palma de Mallorca 365\",\"url\":\"https:\\\/\\\/visitpalma.com\\\/es\\\/\",\"logo\":{\"@type\":\"ImageObject\",\"inLanguage\":\"es\",\"@id\":\"https:\\\/\\\/visitpalma.com\\\/es\\\/#\\\/schema\\\/logo\\\/image\\\/\",\"url\":\"https:\\\/\\\/visitpalma.com\\\/wp-content\\\/uploads\\\/2025\\\/05\\\/Logo-Passion-for-Palma-de-Mallorca.svg\",\"contentUrl\":\"https:\\\/\\\/visitpalma.com\\\/wp-content\\\/uploads\\\/2025\\\/05\\\/Logo-Passion-for-Palma-de-Mallorca.svg\",\"width\":377,\"height\":377,\"caption\":\"Fundaci\u00f3n Turismo Palma de Mallorca 365\"},\"image\":{\"@id\":\"https:\\\/\\\/visitpalma.com\\\/es\\\/#\\\/schema\\\/logo\\\/image\\\/\"},\"sameAs\":[\"https:\\\/\\\/www.facebook.com\\\/passionforpalma\",\"https:\\\/\\\/x.com\\\/passionforpalma\",\"https:\\\/\\\/www.instagram.com\\\/passionforpalma_\\\/\",\"https:\\\/\\\/www.youtube.com\\\/channel\\\/UCALF2N1FRnmAZYBttkQjedA\"]}]}<\/script>\n<!-- \/ Yoast SEO plugin. -->","yoast_head_json":{"title":"Comandante Lara en Trui Teatre - 12 octubre","description":"Disfruta de Comandante Lara y su tripulaci\u00f3n en Trui Teatre, Palma, el 12 de octubre. Humor, risas y diversi\u00f3n garantizada para todos los p\u00fablicos.","robots":{"index":"index","follow":"follow","max-snippet":"max-snippet:-1","max-image-preview":"max-image-preview:large","max-video-preview":"max-video-preview:-1"},"canonical":"https:\/\/visitpalma.com\/es\/event\/comandante-lara-cia\/","og_locale":"es_ES","og_type":"article","og_title":"Comandante Lara en Trui Teatre - 12 octubre","og_description":"Disfruta de Comandante Lara y su tripulaci\u00f3n en Trui Teatre, Palma, el 12 de octubre. Humor, risas y diversi\u00f3n garantizada para todos los p\u00fablicos.","og_url":"https:\/\/visitpalma.com\/es\/event\/comandante-lara-cia\/","og_site_name":"Visit Palma","article_publisher":"https:\/\/www.facebook.com\/passionforpalma","og_image":[{"width":900,"height":600,"url":"https:\/\/visitpalma.com\/wp-content\/uploads\/2025\/09\/Comandante-Lara-Cia-Palma-2025.jpg","type":"image\/jpeg"}],"twitter_card":"summary_large_image","twitter_site":"@passionforpalma","twitter_misc":{"Tiempo de lectura":"1 minuto"},"schema":{"@context":"https:\/\/schema.org","@graph":[{"@type":"WebPage","@id":"https:\/\/visitpalma.com\/es\/event\/comandante-lara-cia\/","url":"https:\/\/visitpalma.com\/es\/event\/comandante-lara-cia\/","name":"Comandante Lara en Trui Teatre - 12 octubre","isPartOf":{"@id":"https:\/\/visitpalma.com\/es\/#website"},"primaryImageOfPage":{"@id":"https:\/\/visitpalma.com\/es\/event\/comandante-lara-cia\/#primaryimage"},"image":{"@id":"https:\/\/visitpalma.com\/es\/event\/comandante-lara-cia\/#primaryimage"},"thumbnailUrl":"https:\/\/visitpalma.com\/wp-content\/uploads\/2025\/09\/Comandante-Lara-Cia-Palma-2025.jpg","datePublished":"2025-09-06T09:43:20+00:00","description":"Disfruta de Comandante Lara y su tripulaci\u00f3n en Trui Teatre, Palma, el 12 de octubre. Humor, risas y diversi\u00f3n garantizada para todos los p\u00fablicos.","breadcrumb":{"@id":"https:\/\/visitpalma.com\/es\/event\/comandante-lara-cia\/#breadcrumb"},"inLanguage":"es","potentialAction":[{"@type":"ReadAction","target":["https:\/\/visitpalma.com\/es\/event\/comandante-lara-cia\/"]}]},{"@type":"ImageObject","inLanguage":"es","@id":"https:\/\/visitpalma.com\/es\/event\/comandante-lara-cia\/#primaryimage","url":"https:\/\/visitpalma.com\/wp-content\/uploads\/2025\/09\/Comandante-Lara-Cia-Palma-2025.jpg","contentUrl":"https:\/\/visitpalma.com\/wp-content\/uploads\/2025\/09\/Comandante-Lara-Cia-Palma-2025.jpg","width":900,"height":600,"caption":"Comandante Lara & Cia Palma 2025"},{"@type":"BreadcrumbList","@id":"https:\/\/visitpalma.com\/es\/event\/comandante-lara-cia\/#breadcrumb","itemListElement":[{"@type":"ListItem","position":1,"name":"Inicio","item":"https:\/\/visitpalma.com\/es\/"},{"@type":"ListItem","position":2,"name":"Eventos","item":"https:\/\/visitpalma.com\/es\/events\/"},{"@type":"ListItem","position":3,"name":"Comandante Lara &#038; C\u00eda"}]},{"@type":"WebSite","@id":"https:\/\/visitpalma.com\/es\/#website","url":"https:\/\/visitpalma.com\/es\/","name":"Visit Palma","description":"","publisher":{"@id":"https:\/\/visitpalma.com\/es\/#organization"},"potentialAction":[{"@type":"SearchAction","target":{"@type":"EntryPoint","urlTemplate":"https:\/\/visitpalma.com\/es\/?s={search_term_string}"},"query-input":{"@type":"PropertyValueSpecification","valueRequired":true,"valueName":"search_term_string"}}],"inLanguage":"es"},{"@type":"Organization","@id":"https:\/\/visitpalma.com\/es\/#organization","name":"Fundaci\u00f3n Turismo Palma de Mallorca 365","url":"https:\/\/visitpalma.com\/es\/","logo":{"@type":"ImageObject","inLanguage":"es","@id":"https:\/\/visitpalma.com\/es\/#\/schema\/logo\/image\/","url":"https:\/\/visitpalma.com\/wp-content\/uploads\/2025\/05\/Logo-Passion-for-Palma-de-Mallorca.svg","contentUrl":"https:\/\/visitpalma.com\/wp-content\/uploads\/2025\/05\/Logo-Passion-for-Palma-de-Mallorca.svg","width":377,"height":377,"caption":"Fundaci\u00f3n Turismo Palma de Mallorca 365"},"image":{"@id":"https:\/\/visitpalma.com\/es\/#\/schema\/logo\/image\/"},"sameAs":["https:\/\/www.facebook.com\/passionforpalma","https:\/\/x.com\/passionforpalma","https:\/\/www.instagram.com\/passionforpalma_\/","https:\/\/www.youtube.com\/channel\/UCALF2N1FRnmAZYBttkQjedA"]}]}},"_links":{"self":[{"href":"https:\/\/visitpalma.com\/es\/wp-json\/wp\/v2\/tribe_events\/16028","targetHints":{"allow":["GET"]}}],"collection":[{"href":"https:\/\/visitpalma.com\/es\/wp-json\/wp\/v2\/tribe_events"}],"about":[{"href":"https:\/\/visitpalma.com\/es\/wp-json\/wp\/v2\/types\/tribe_events"}],"author":[{"embeddable":true,"href":"https:\/\/visitpalma.com\/es\/wp-json\/wp\/v2\/users\/4"}],"version-history":[{"count":1,"href":"https:\/\/visitpalma.com\/es\/wp-json\/wp\/v2\/tribe_events\/16028\/revisions"}],"predecessor-version":[{"id":16033,"href":"https:\/\/visitpalma.com\/es\/wp-json\/wp\/v2\/tribe_events\/16028\/revisions\/16033"}],"wp:featuredmedia":[{"embeddable":true,"href":"https:\/\/visitpalma.com\/es\/wp-json\/wp\/v2\/media\/16029"}],"wp:attachment":[{"href":"https:\/\/visitpalma.com\/es\/wp-json\/wp\/v2\/media?parent=16028"}],"wp:term":[{"taxonomy":"post_tag","embeddable":true,"href":"https:\/\/visitpalma.com\/es\/wp-json\/wp\/v2\/tags?post=16028"},{"taxonomy":"tribe_events_cat","embeddable":true,"href":"https:\/\/visitpalma.com\/es\/wp-json\/wp\/v2\/tribe_events_cat?post=16028"}],"curies":[{"name":"wp","href":"https:\/\/api.w.org\/{rel}","templated":true}]}}

Comandante Lara &#038; Cía

<p data-start="202" data-end="690">Prepárate para un viaje lleno de risas con <strong data-start="259" data-end="278">Comandante Lara</strong> en un espectáculo único en Trui Teatre. Acompañado por su personal de cabina, Vicente Ruidos y Jesús Tapia, el Comandante guiará al público a través de un vuelo hacia el país de la carcajada, con chascarrillos, humor y situaciones divertidísimas. Con las instrucciones de seguridad más originales y la garantía de <strong data-start="593" data-end="610">AIR kejöèrsen</strong>, este show promete que todos los pasajeros vivan el mejor vuelo de sus vidas.</p>
<p data-start="692" data-end="813">No te pierdas <strong data-start="706" data-end="766">Comandante Lara en Trui Teatre el 12 de octubre en Palma</strong>, un espectáculo lleno de diversión para todos.</p>

<p>Prepárate para un viaje lleno de risas con Comandante Lara en un espectáculo único en Trui Teatre. Acompañado por su personal de cabina, Vicente Ruidos y Jesús Tapia, el Comandante [&hellip;]</p>

<!-- This site is optimized with the Yoast SEO plugin v27.4 - https://yoast.com/product/yoast-seo-wordpress/ -->
<title>Comandante Lara en Trui Teatre - 12 octubre</title>
<meta name="description" content="Disfruta de Comandante Lara y su tripulación en Trui Teatre, Palma, el 12 de octubre. Humor, risas y diversión garantizada para todos los públicos." />
<meta name="robots" content="index, follow, max-snippet:-1, max-image-preview:large, max-video-preview:-1" />
<link rel="canonical" href="https://visitpalma.com/es/event/comandante-lara-cia/" />
<meta property="og:locale" content="es_ES" />
<meta property="og:type" content="article" />
<meta property="og:title" content="Comandante Lara en Trui Teatre - 12 octubre" />
<meta property="og:description" content="Disfruta de Comandante Lara y su tripulación en Trui Teatre, Palma, el 12 de octubre. Humor, risas y diversión garantizada para todos los públicos." />
<meta property="og:url" content="https://visitpalma.com/es/event/comandante-lara-cia/" />
<meta property="og:site_name" content="Visit Palma" />
<meta property="article:publisher" content="https://www.facebook.com/passionforpalma" />
<meta property="og:image" content="https://visitpalma.com/wp-content/uploads/2025/09/Comandante-Lara-Cia-Palma-2025.jpg" />
	<meta property="og:image:width" content="900" />
	<meta property="og:image:height" content="600" />
	<meta property="og:image:type" content="image/jpeg" />
<meta name="twitter:card" content="summary_large_image" />
<meta name="twitter:site" content="@passionforpalma" />
<meta name="twitter:label1" content="Tiempo de lectura" />
	<meta name="twitter:data1" content="1 minuto" />
<script type="application/ld+json" class="yoast-schema-graph">{"@context":"https:\/\/schema.org","@graph":[{"@type":"WebPage","@id":"https:\/\/visitpalma.com\/es\/event\/comandante-lara-cia\/","url":"https:\/\/visitpalma.com\/es\/event\/comandante-lara-cia\/","name":"Comandante Lara en Trui Teatre - 12 octubre","isPartOf":{"@id":"https:\/\/visitpalma.com\/es\/#website"},"primaryImageOfPage":{"@id":"https:\/\/visitpalma.com\/es\/event\/comandante-lara-cia\/#primaryimage"},"image":{"@id":"https:\/\/visitpalma.com\/es\/event\/comandante-lara-cia\/#primaryimage"},"thumbnailUrl":"https:\/\/visitpalma.com\/wp-content\/uploads\/2025\/09\/Comandante-Lara-Cia-Palma-2025.jpg","datePublished":"2025-09-06T09:43:20+00:00","description":"Disfruta de Comandante Lara y su tripulación en Trui Teatre, Palma, el 12 de octubre. Humor, risas y diversión garantizada para todos los públicos.","breadcrumb":{"@id":"https:\/\/visitpalma.com\/es\/event\/comandante-lara-cia\/#breadcrumb"},"inLanguage":"es","potentialAction":[{"@type":"ReadAction","target":["https:\/\/visitpalma.com\/es\/event\/comandante-lara-cia\/"]}]},{"@type":"ImageObject","inLanguage":"es","@id":"https:\/\/visitpalma.com\/es\/event\/comandante-lara-cia\/#primaryimage","url":"https:\/\/visitpalma.com\/wp-content\/uploads\/2025\/09\/Comandante-Lara-Cia-Palma-2025.jpg","contentUrl":"https:\/\/visitpalma.com\/wp-content\/uploads\/2025\/09\/Comandante-Lara-Cia-Palma-2025.jpg","width":900,"height":600,"caption":"Comandante Lara & Cia Palma 2025"},{"@type":"BreadcrumbList","@id":"https:\/\/visitpalma.com\/es\/event\/comandante-lara-cia\/#breadcrumb","itemListElement":[{"@type":"ListItem","position":1,"name":"Inicio","item":"https:\/\/visitpalma.com\/es\/"},{"@type":"ListItem","position":2,"name":"Eventos","item":"https:\/\/visitpalma.com\/es\/events\/"},{"@type":"ListItem","position":3,"name":"Comandante Lara &#038; Cía"}]},{"@type":"WebSite","@id":"https:\/\/visitpalma.com\/es\/#website","url":"https:\/\/visitpalma.com\/es\/","name":"Visit Palma","description":"","publisher":{"@id":"https:\/\/visitpalma.com\/es\/#organization"},"potentialAction":[{"@type":"SearchAction","target":{"@type":"EntryPoint","urlTemplate":"https:\/\/visitpalma.com\/es\/?s={search_term_string}"},"query-input":{"@type":"PropertyValueSpecification","valueRequired":true,"valueName":"search_term_string"}}],"inLanguage":"es"},{"@type":"Organization","@id":"https:\/\/visitpalma.com\/es\/#organization","name":"Fundación Turismo Palma de Mallorca 365","url":"https:\/\/visitpalma.com\/es\/","logo":{"@type":"ImageObject","inLanguage":"es","@id":"https:\/\/visitpalma.com\/es\/#\/schema\/logo\/image\/","url":"https:\/\/visitpalma.com\/wp-content\/uploads\/2025\/05\/Logo-Passion-for-Palma-de-Mallorca.svg","contentUrl":"https:\/\/visitpalma.com\/wp-content\/uploads\/2025\/05\/Logo-Passion-for-Palma-de-Mallorca.svg","width":377,"height":377,"caption":"Fundación Turismo Palma de Mallorca 365"},"image":{"@id":"https:\/\/visitpalma.com\/es\/#\/schema\/logo\/image\/"},"sameAs":["https:\/\/www.facebook.com\/passionforpalma","https:\/\/x.com\/passionforpalma","https:\/\/www.instagram.com\/passionforpalma_\/","https:\/\/www.youtube.com\/channel\/UCALF2N1FRnmAZYBttkQjedA"]}]}</script>
<!-- / Yoast SEO plugin. -->

Disfruta de Comandante Lara y su tripulación en Trui Teatre, Palma, el 12 de octubre. Humor, risas y diversión garantizada para todos los públicos.

Fundación Turismo Palma de Mallorca 365
