{"id":20329,"date":"2026-04-30T13:48:19","date_gmt":"2026-04-30T11:48:19","guid":{"rendered":"https:\/\/visitpalma.com\/?post_type=tribe_events&#038;p=20329"},"modified":"2026-04-30T13:48:19","modified_gmt":"2026-04-30T11:48:19","slug":"gaudi-visites-dramatitzades-2","status":"publish","type":"tribe_events","link":"https:\/\/visitpalma.com\/ca\/event\/gaudi-visites-dramatitzades-2\/","title":{"rendered":"GAUD\u00cd &#8211; Visites dramatitzades"},"content":{"rendered":"<p data-start=\"46\" data-end=\"318\">Els dies <strong data-start=\"64\" data-end=\"83\">26 i 27 de maig<\/strong>, tindran lloc a la Seu de Mallorca unes <strong data-start=\"114\" data-end=\"151\">visites dramatitzades exclusives centrades en Gaud\u00ed,<\/strong> que ofereixen una oportunitat \u00fanica de descobrir la seva hist\u00f2ria i la seva connexi\u00f3 amb aquest monument ic\u00f2nic d&#8217;una manera diferent i immersiva.<\/p>\n<p data-start=\"320\" data-end=\"413\">Hi haur\u00e0 <strong data-start=\"334\" data-end=\"355\">dues funcions di\u00e0ries<\/strong>, a les <strong data-start=\"363\" data-end=\"372\">18.00 h<\/strong> i a les <strong data-start=\"381\" data-end=\"390\">19.30 h<\/strong>, amb places limitades.<\/p>\n<p data-start=\"415\" data-end=\"494\">Per assistir-hi, cal r<strong data-start=\"447\" data-end=\"493\">egistrar-se pr\u00e8viament a trav\u00e9s del lloc web.<\/strong><\/p>\n","protected":false},"excerpt":{"rendered":"<p>Els dies 26 i 27 de maig, tindran lloc a la Seu de Mallorca unes visites dramatitzades exclusives centrades en Gaud\u00ed, que ofereixen una oportunitat \u00fanica de descobrir la seva [&hellip;]<\/p>\n","protected":false},"author":4,"featured_media":20326,"template":"","meta":{"_monsterinsights_skip_tracking":false,"_monsterinsights_sitenote_active":false,"_monsterinsights_sitenote_note":"","_monsterinsights_sitenote_category":0,"_tribe_events_status":"","_tribe_events_status_reason":"","footnotes":""},"tags":[],"tribe_events_cat":[193,153,166],"class_list":{"0":"post-20329","1":"tribe_events","2":"type-tribe_events","3":"status-publish","4":"has-post-thumbnail","5":"hentry","6":"tribe_events_cat-rutas-guiadas","8":"tribe_events_cat-teatre-espectacles","9":"cat_rutas-guiadas","11":"cat_teatre-espectacles"},"yoast_head":"<!-- This site is optimized with the Yoast SEO plugin v27.5 - https:\/\/yoast.com\/product\/yoast-seo-wordpress\/ -->\n<title>GAUD\u00cd - Visites dramatitzades - Visit Palma<\/title>\n<meta name=\"robots\" content=\"index, follow, max-snippet:-1, max-image-preview:large, max-video-preview:-1\" \/>\n<link rel=\"canonical\" href=\"https:\/\/visitpalma.com\/ca\/event\/gaudi-visites-dramatitzades-2\/\" \/>\n<meta property=\"og:locale\" content=\"ca_ES\" \/>\n<meta property=\"og:type\" content=\"article\" \/>\n<meta property=\"og:title\" content=\"GAUD\u00cd - Visites dramatitzades - Visit Palma\" \/>\n<meta property=\"og:description\" content=\"Els dies 26 i 27 de maig, tindran lloc a la Seu de Mallorca unes visites dramatitzades exclusives centrades en Gaud\u00ed, que ofereixen una oportunitat \u00fanica de descobrir la seva [&hellip;]\" \/>\n<meta property=\"og:url\" content=\"https:\/\/visitpalma.com\/ca\/event\/gaudi-visites-dramatitzades-2\/\" \/>\n<meta property=\"og:site_name\" content=\"Visit Palma\" \/>\n<meta property=\"article:publisher\" content=\"https:\/\/www.facebook.com\/passionforpalma\" \/>\n<meta property=\"og:image\" content=\"https:\/\/visitpalma.com\/wp-content\/uploads\/2026\/04\/descarga.png\" \/>\n\t<meta property=\"og:image:width\" content=\"600\" \/>\n\t<meta property=\"og:image:height\" content=\"750\" \/>\n\t<meta property=\"og:image:type\" content=\"image\/png\" \/>\n<meta name=\"twitter:card\" content=\"summary_large_image\" \/>\n<meta name=\"twitter:site\" content=\"@passionforpalma\" \/>\n<script type=\"application\/ld+json\" class=\"yoast-schema-graph\">{\"@context\":\"https:\\\/\\\/schema.org\",\"@graph\":[{\"@type\":\"WebPage\",\"@id\":\"https:\\\/\\\/visitpalma.com\\\/ca\\\/event\\\/gaudi-visites-dramatitzades-2\\\/\",\"url\":\"https:\\\/\\\/visitpalma.com\\\/ca\\\/event\\\/gaudi-visites-dramatitzades-2\\\/\",\"name\":\"GAUD\u00cd - Visites dramatitzades - Visit Palma\",\"isPartOf\":{\"@id\":\"https:\\\/\\\/visitpalma.com\\\/ca\\\/#website\"},\"primaryImageOfPage\":{\"@id\":\"https:\\\/\\\/visitpalma.com\\\/ca\\\/event\\\/gaudi-visites-dramatitzades-2\\\/#primaryimage\"},\"image\":{\"@id\":\"https:\\\/\\\/visitpalma.com\\\/ca\\\/event\\\/gaudi-visites-dramatitzades-2\\\/#primaryimage\"},\"thumbnailUrl\":\"https:\\\/\\\/visitpalma.com\\\/wp-content\\\/uploads\\\/2026\\\/04\\\/descarga.png\",\"datePublished\":\"2026-04-30T11:48:19+00:00\",\"breadcrumb\":{\"@id\":\"https:\\\/\\\/visitpalma.com\\\/ca\\\/event\\\/gaudi-visites-dramatitzades-2\\\/#breadcrumb\"},\"inLanguage\":\"ca\",\"potentialAction\":[{\"@type\":\"ReadAction\",\"target\":[\"https:\\\/\\\/visitpalma.com\\\/ca\\\/event\\\/gaudi-visites-dramatitzades-2\\\/\"]}]},{\"@type\":\"ImageObject\",\"inLanguage\":\"ca\",\"@id\":\"https:\\\/\\\/visitpalma.com\\\/ca\\\/event\\\/gaudi-visites-dramatitzades-2\\\/#primaryimage\",\"url\":\"https:\\\/\\\/visitpalma.com\\\/wp-content\\\/uploads\\\/2026\\\/04\\\/descarga.png\",\"contentUrl\":\"https:\\\/\\\/visitpalma.com\\\/wp-content\\\/uploads\\\/2026\\\/04\\\/descarga.png\",\"width\":600,\"height\":750},{\"@type\":\"BreadcrumbList\",\"@id\":\"https:\\\/\\\/visitpalma.com\\\/ca\\\/event\\\/gaudi-visites-dramatitzades-2\\\/#breadcrumb\",\"itemListElement\":[{\"@type\":\"ListItem\",\"position\":1,\"name\":\"Inicio\",\"item\":\"https:\\\/\\\/visitpalma.com\\\/ca\\\/\"},{\"@type\":\"ListItem\",\"position\":2,\"name\":\"Esdeveniments\",\"item\":\"https:\\\/\\\/visitpalma.com\\\/ca\\\/events\\\/\"},{\"@type\":\"ListItem\",\"position\":3,\"name\":\"GAUD\u00cd &#8211; Visites dramatitzades\"}]},{\"@type\":\"WebSite\",\"@id\":\"https:\\\/\\\/visitpalma.com\\\/ca\\\/#website\",\"url\":\"https:\\\/\\\/visitpalma.com\\\/ca\\\/\",\"name\":\"Visit Palma\",\"description\":\"\",\"publisher\":{\"@id\":\"https:\\\/\\\/visitpalma.com\\\/ca\\\/#organization\"},\"potentialAction\":[{\"@type\":\"SearchAction\",\"target\":{\"@type\":\"EntryPoint\",\"urlTemplate\":\"https:\\\/\\\/visitpalma.com\\\/ca\\\/?s={search_term_string}\"},\"query-input\":{\"@type\":\"PropertyValueSpecification\",\"valueRequired\":true,\"valueName\":\"search_term_string\"}}],\"inLanguage\":\"ca\"},{\"@type\":\"Organization\",\"@id\":\"https:\\\/\\\/visitpalma.com\\\/ca\\\/#organization\",\"name\":\"Fundaci\u00f3n Turismo Palma de Mallorca 365\",\"url\":\"https:\\\/\\\/visitpalma.com\\\/ca\\\/\",\"logo\":{\"@type\":\"ImageObject\",\"inLanguage\":\"ca\",\"@id\":\"https:\\\/\\\/visitpalma.com\\\/ca\\\/#\\\/schema\\\/logo\\\/image\\\/\",\"url\":\"https:\\\/\\\/visitpalma.com\\\/wp-content\\\/uploads\\\/2025\\\/05\\\/Logo-Passion-for-Palma-de-Mallorca.svg\",\"contentUrl\":\"https:\\\/\\\/visitpalma.com\\\/wp-content\\\/uploads\\\/2025\\\/05\\\/Logo-Passion-for-Palma-de-Mallorca.svg\",\"width\":377,\"height\":377,\"caption\":\"Fundaci\u00f3n Turismo Palma de Mallorca 365\"},\"image\":{\"@id\":\"https:\\\/\\\/visitpalma.com\\\/ca\\\/#\\\/schema\\\/logo\\\/image\\\/\"},\"sameAs\":[\"https:\\\/\\\/www.facebook.com\\\/passionforpalma\",\"https:\\\/\\\/x.com\\\/passionforpalma\",\"https:\\\/\\\/www.instagram.com\\\/passionforpalma_\\\/\",\"https:\\\/\\\/www.youtube.com\\\/channel\\\/UCALF2N1FRnmAZYBttkQjedA\"]}]}<\/script>\n<!-- \/ Yoast SEO plugin. -->","yoast_head_json":{"title":"GAUD\u00cd - Visites dramatitzades - Visit Palma","robots":{"index":"index","follow":"follow","max-snippet":"max-snippet:-1","max-image-preview":"max-image-preview:large","max-video-preview":"max-video-preview:-1"},"canonical":"https:\/\/visitpalma.com\/ca\/event\/gaudi-visites-dramatitzades-2\/","og_locale":"ca_ES","og_type":"article","og_title":"GAUD\u00cd - Visites dramatitzades - Visit Palma","og_description":"Els dies 26 i 27 de maig, tindran lloc a la Seu de Mallorca unes visites dramatitzades exclusives centrades en Gaud\u00ed, que ofereixen una oportunitat \u00fanica de descobrir la seva [&hellip;]","og_url":"https:\/\/visitpalma.com\/ca\/event\/gaudi-visites-dramatitzades-2\/","og_site_name":"Visit Palma","article_publisher":"https:\/\/www.facebook.com\/passionforpalma","og_image":[{"width":600,"height":750,"url":"https:\/\/visitpalma.com\/wp-content\/uploads\/2026\/04\/descarga.png","type":"image\/png"}],"twitter_card":"summary_large_image","twitter_site":"@passionforpalma","schema":{"@context":"https:\/\/schema.org","@graph":[{"@type":"WebPage","@id":"https:\/\/visitpalma.com\/ca\/event\/gaudi-visites-dramatitzades-2\/","url":"https:\/\/visitpalma.com\/ca\/event\/gaudi-visites-dramatitzades-2\/","name":"GAUD\u00cd - Visites dramatitzades - Visit Palma","isPartOf":{"@id":"https:\/\/visitpalma.com\/ca\/#website"},"primaryImageOfPage":{"@id":"https:\/\/visitpalma.com\/ca\/event\/gaudi-visites-dramatitzades-2\/#primaryimage"},"image":{"@id":"https:\/\/visitpalma.com\/ca\/event\/gaudi-visites-dramatitzades-2\/#primaryimage"},"thumbnailUrl":"https:\/\/visitpalma.com\/wp-content\/uploads\/2026\/04\/descarga.png","datePublished":"2026-04-30T11:48:19+00:00","breadcrumb":{"@id":"https:\/\/visitpalma.com\/ca\/event\/gaudi-visites-dramatitzades-2\/#breadcrumb"},"inLanguage":"ca","potentialAction":[{"@type":"ReadAction","target":["https:\/\/visitpalma.com\/ca\/event\/gaudi-visites-dramatitzades-2\/"]}]},{"@type":"ImageObject","inLanguage":"ca","@id":"https:\/\/visitpalma.com\/ca\/event\/gaudi-visites-dramatitzades-2\/#primaryimage","url":"https:\/\/visitpalma.com\/wp-content\/uploads\/2026\/04\/descarga.png","contentUrl":"https:\/\/visitpalma.com\/wp-content\/uploads\/2026\/04\/descarga.png","width":600,"height":750},{"@type":"BreadcrumbList","@id":"https:\/\/visitpalma.com\/ca\/event\/gaudi-visites-dramatitzades-2\/#breadcrumb","itemListElement":[{"@type":"ListItem","position":1,"name":"Inicio","item":"https:\/\/visitpalma.com\/ca\/"},{"@type":"ListItem","position":2,"name":"Esdeveniments","item":"https:\/\/visitpalma.com\/ca\/events\/"},{"@type":"ListItem","position":3,"name":"GAUD\u00cd &#8211; Visites dramatitzades"}]},{"@type":"WebSite","@id":"https:\/\/visitpalma.com\/ca\/#website","url":"https:\/\/visitpalma.com\/ca\/","name":"Visit Palma","description":"","publisher":{"@id":"https:\/\/visitpalma.com\/ca\/#organization"},"potentialAction":[{"@type":"SearchAction","target":{"@type":"EntryPoint","urlTemplate":"https:\/\/visitpalma.com\/ca\/?s={search_term_string}"},"query-input":{"@type":"PropertyValueSpecification","valueRequired":true,"valueName":"search_term_string"}}],"inLanguage":"ca"},{"@type":"Organization","@id":"https:\/\/visitpalma.com\/ca\/#organization","name":"Fundaci\u00f3n Turismo Palma de Mallorca 365","url":"https:\/\/visitpalma.com\/ca\/","logo":{"@type":"ImageObject","inLanguage":"ca","@id":"https:\/\/visitpalma.com\/ca\/#\/schema\/logo\/image\/","url":"https:\/\/visitpalma.com\/wp-content\/uploads\/2025\/05\/Logo-Passion-for-Palma-de-Mallorca.svg","contentUrl":"https:\/\/visitpalma.com\/wp-content\/uploads\/2025\/05\/Logo-Passion-for-Palma-de-Mallorca.svg","width":377,"height":377,"caption":"Fundaci\u00f3n Turismo Palma de Mallorca 365"},"image":{"@id":"https:\/\/visitpalma.com\/ca\/#\/schema\/logo\/image\/"},"sameAs":["https:\/\/www.facebook.com\/passionforpalma","https:\/\/x.com\/passionforpalma","https:\/\/www.instagram.com\/passionforpalma_\/","https:\/\/www.youtube.com\/channel\/UCALF2N1FRnmAZYBttkQjedA"]}]}},"_links":{"self":[{"href":"https:\/\/visitpalma.com\/ca\/wp-json\/wp\/v2\/tribe_events\/20329","targetHints":{"allow":["GET"]}}],"collection":[{"href":"https:\/\/visitpalma.com\/ca\/wp-json\/wp\/v2\/tribe_events"}],"about":[{"href":"https:\/\/visitpalma.com\/ca\/wp-json\/wp\/v2\/types\/tribe_events"}],"author":[{"embeddable":true,"href":"https:\/\/visitpalma.com\/ca\/wp-json\/wp\/v2\/users\/4"}],"version-history":[{"count":1,"href":"https:\/\/visitpalma.com\/ca\/wp-json\/wp\/v2\/tribe_events\/20329\/revisions"}],"predecessor-version":[{"id":20330,"href":"https:\/\/visitpalma.com\/ca\/wp-json\/wp\/v2\/tribe_events\/20329\/revisions\/20330"}],"wp:featuredmedia":[{"embeddable":true,"href":"https:\/\/visitpalma.com\/ca\/wp-json\/wp\/v2\/media\/20326"}],"wp:attachment":[{"href":"https:\/\/visitpalma.com\/ca\/wp-json\/wp\/v2\/media?parent=20329"}],"wp:term":[{"taxonomy":"post_tag","embeddable":true,"href":"https:\/\/visitpalma.com\/ca\/wp-json\/wp\/v2\/tags?post=20329"},{"taxonomy":"tribe_events_cat","embeddable":true,"href":"https:\/\/visitpalma.com\/ca\/wp-json\/wp\/v2\/tribe_events_cat?post=20329"}],"curies":[{"name":"wp","href":"https:\/\/api.w.org\/{rel}","templated":true}]}}

GAUDÍ &#8211; Visites dramatitzades

<p data-start="46" data-end="318">Els dies <strong data-start="64" data-end="83">26 i 27 de maig</strong>, tindran lloc a la Seu de Mallorca unes <strong data-start="114" data-end="151">visites dramatitzades exclusives centrades en Gaudí,</strong> que ofereixen una oportunitat única de descobrir la seva història i la seva connexió amb aquest monument icònic d&#8217;una manera diferent i immersiva.</p>
<p data-start="320" data-end="413">Hi haurà <strong data-start="334" data-end="355">dues funcions diàries</strong>, a les <strong data-start="363" data-end="372">18.00 h</strong> i a les <strong data-start="381" data-end="390">19.30 h</strong>, amb places limitades.</p>
<p data-start="415" data-end="494">Per assistir-hi, cal r<strong data-start="447" data-end="493">egistrar-se prèviament a través del lloc web.</strong></p>

<p>Els dies 26 i 27 de maig, tindran lloc a la Seu de Mallorca unes visites dramatitzades exclusives centrades en Gaudí, que ofereixen una oportunitat única de descobrir la seva [&hellip;]</p>

<!-- This site is optimized with the Yoast SEO plugin v27.5 - https://yoast.com/product/yoast-seo-wordpress/ -->
<title>GAUDÍ - Visites dramatitzades - Visit Palma</title>
<meta name="robots" content="index, follow, max-snippet:-1, max-image-preview:large, max-video-preview:-1" />
<link rel="canonical" href="https://visitpalma.com/ca/event/gaudi-visites-dramatitzades-2/" />
<meta property="og:locale" content="ca_ES" />
<meta property="og:type" content="article" />
<meta property="og:title" content="GAUDÍ - Visites dramatitzades - Visit Palma" />
<meta property="og:description" content="Els dies 26 i 27 de maig, tindran lloc a la Seu de Mallorca unes visites dramatitzades exclusives centrades en Gaudí, que ofereixen una oportunitat única de descobrir la seva [&hellip;]" />
<meta property="og:url" content="https://visitpalma.com/ca/event/gaudi-visites-dramatitzades-2/" />
<meta property="og:site_name" content="Visit Palma" />
<meta property="article:publisher" content="https://www.facebook.com/passionforpalma" />
<meta property="og:image" content="https://visitpalma.com/wp-content/uploads/2026/04/descarga.png" />
	<meta property="og:image:width" content="600" />
	<meta property="og:image:height" content="750" />
	<meta property="og:image:type" content="image/png" />
<meta name="twitter:card" content="summary_large_image" />
<meta name="twitter:site" content="@passionforpalma" />
<script type="application/ld+json" class="yoast-schema-graph">{"@context":"https:\/\/schema.org","@graph":[{"@type":"WebPage","@id":"https:\/\/visitpalma.com\/ca\/event\/gaudi-visites-dramatitzades-2\/","url":"https:\/\/visitpalma.com\/ca\/event\/gaudi-visites-dramatitzades-2\/","name":"GAUDÍ - Visites dramatitzades - Visit Palma","isPartOf":{"@id":"https:\/\/visitpalma.com\/ca\/#website"},"primaryImageOfPage":{"@id":"https:\/\/visitpalma.com\/ca\/event\/gaudi-visites-dramatitzades-2\/#primaryimage"},"image":{"@id":"https:\/\/visitpalma.com\/ca\/event\/gaudi-visites-dramatitzades-2\/#primaryimage"},"thumbnailUrl":"https:\/\/visitpalma.com\/wp-content\/uploads\/2026\/04\/descarga.png","datePublished":"2026-04-30T11:48:19+00:00","breadcrumb":{"@id":"https:\/\/visitpalma.com\/ca\/event\/gaudi-visites-dramatitzades-2\/#breadcrumb"},"inLanguage":"ca","potentialAction":[{"@type":"ReadAction","target":["https:\/\/visitpalma.com\/ca\/event\/gaudi-visites-dramatitzades-2\/"]}]},{"@type":"ImageObject","inLanguage":"ca","@id":"https:\/\/visitpalma.com\/ca\/event\/gaudi-visites-dramatitzades-2\/#primaryimage","url":"https:\/\/visitpalma.com\/wp-content\/uploads\/2026\/04\/descarga.png","contentUrl":"https:\/\/visitpalma.com\/wp-content\/uploads\/2026\/04\/descarga.png","width":600,"height":750},{"@type":"BreadcrumbList","@id":"https:\/\/visitpalma.com\/ca\/event\/gaudi-visites-dramatitzades-2\/#breadcrumb","itemListElement":[{"@type":"ListItem","position":1,"name":"Inicio","item":"https:\/\/visitpalma.com\/ca\/"},{"@type":"ListItem","position":2,"name":"Esdeveniments","item":"https:\/\/visitpalma.com\/ca\/events\/"},{"@type":"ListItem","position":3,"name":"GAUDÍ &#8211; Visites dramatitzades"}]},{"@type":"WebSite","@id":"https:\/\/visitpalma.com\/ca\/#website","url":"https:\/\/visitpalma.com\/ca\/","name":"Visit Palma","description":"","publisher":{"@id":"https:\/\/visitpalma.com\/ca\/#organization"},"potentialAction":[{"@type":"SearchAction","target":{"@type":"EntryPoint","urlTemplate":"https:\/\/visitpalma.com\/ca\/?s={search_term_string}"},"query-input":{"@type":"PropertyValueSpecification","valueRequired":true,"valueName":"search_term_string"}}],"inLanguage":"ca"},{"@type":"Organization","@id":"https:\/\/visitpalma.com\/ca\/#organization","name":"Fundación Turismo Palma de Mallorca 365","url":"https:\/\/visitpalma.com\/ca\/","logo":{"@type":"ImageObject","inLanguage":"ca","@id":"https:\/\/visitpalma.com\/ca\/#\/schema\/logo\/image\/","url":"https:\/\/visitpalma.com\/wp-content\/uploads\/2025\/05\/Logo-Passion-for-Palma-de-Mallorca.svg","contentUrl":"https:\/\/visitpalma.com\/wp-content\/uploads\/2025\/05\/Logo-Passion-for-Palma-de-Mallorca.svg","width":377,"height":377,"caption":"Fundación Turismo Palma de Mallorca 365"},"image":{"@id":"https:\/\/visitpalma.com\/ca\/#\/schema\/logo\/image\/"},"sameAs":["https:\/\/www.facebook.com\/passionforpalma","https:\/\/x.com\/passionforpalma","https:\/\/www.instagram.com\/passionforpalma_\/","https:\/\/www.youtube.com\/channel\/UCALF2N1FRnmAZYBttkQjedA"]}]}</script>
<!-- / Yoast SEO plugin. -->

GAUDÍ - Visites dramatitzades - Visit Palma

Els dies 26 i 27 de maig, tindran lloc a la Seu de Mallorca unes visites dramatitzades exclusives centrades en Gaudí, que ofereixen una oportunitat única de descobrir la seva [&hellip;]

Fundación Turismo Palma de Mallorca 365
