{"id":20317,"date":"2026-04-29T13:05:08","date_gmt":"2026-04-29T11:05:08","guid":{"rendered":"https:\/\/visitpalma.com\/event\/un-segle-de-magia-un-homenatge-a-disney\/"},"modified":"2026-04-29T13:05:08","modified_gmt":"2026-04-29T11:05:08","slug":"un-segle-de-magia-un-homenatge-a-disney","status":"publish","type":"tribe_events","link":"https:\/\/visitpalma.com\/ca\/event\/un-segle-de-magia-un-homenatge-a-disney\/","title":{"rendered":"UN SEGLE DE M\u00c0GIA &#8211; Un homenatge a Disney"},"content":{"rendered":"<p>Un segle de m\u00e0gia \u00e9s un espectacle que ret homenatge al centenari de Disney a trav\u00e9s d&#8217;algunes de les seves can\u00e7ons m\u00e9s ic\u00f2niques. Un viatge musical a trav\u00e9s de melodies que han marcat generacions, on l&#8217;emoci\u00f3, la nost\u00e0lgia i la fantasia s&#8217;entrellacen per crear una experi\u00e8ncia inoblidable. <\/p>\n<p>El 17 de maig al Trui Teatre de Palma.<\/p>\n","protected":false},"excerpt":{"rendered":"<p>Un segle de m\u00e0gia \u00e9s un espectacle que ret homenatge al centenari de Disney a trav\u00e9s d&#8217;algunes de les seves can\u00e7ons m\u00e9s ic\u00f2niques. Un viatge musical a trav\u00e9s de melodies [&hellip;]<\/p>\n","protected":false},"author":4,"featured_media":20316,"template":"","meta":{"_monsterinsights_skip_tracking":false,"_monsterinsights_sitenote_active":false,"_monsterinsights_sitenote_note":"","_monsterinsights_sitenote_category":0,"_tribe_events_status":"","_tribe_events_status_reason":"","footnotes":""},"tags":[],"tribe_events_cat":[175],"class_list":["post-20317","tribe_events","type-tribe_events","status-publish","has-post-thumbnail","hentry","tribe_events_cat-infantil-ca","cat_infantil-ca"],"yoast_head":"<!-- This site is optimized with the Yoast SEO plugin v27.5 - https:\/\/yoast.com\/product\/yoast-seo-wordpress\/ -->\n<title>UN SEGLE DE M\u00c0GIA - Un homenatge a Disney - Visit Palma<\/title>\n<meta name=\"robots\" content=\"index, follow, max-snippet:-1, max-image-preview:large, max-video-preview:-1\" \/>\n<link rel=\"canonical\" href=\"https:\/\/visitpalma.com\/ca\/event\/un-segle-de-magia-un-homenatge-a-disney\/\" \/>\n<meta property=\"og:locale\" content=\"ca_ES\" \/>\n<meta property=\"og:type\" content=\"article\" \/>\n<meta property=\"og:title\" content=\"UN SEGLE DE M\u00c0GIA - Un homenatge a Disney - Visit Palma\" \/>\n<meta property=\"og:description\" content=\"Un segle de m\u00e0gia \u00e9s un espectacle que ret homenatge al centenari de Disney a trav\u00e9s d&#8217;algunes de les seves can\u00e7ons m\u00e9s ic\u00f2niques. Un viatge musical a trav\u00e9s de melodies [&hellip;]\" \/>\n<meta property=\"og:url\" content=\"https:\/\/visitpalma.com\/ca\/event\/un-segle-de-magia-un-homenatge-a-disney\/\" \/>\n<meta property=\"og:site_name\" content=\"Visit Palma\" \/>\n<meta property=\"article:publisher\" content=\"https:\/\/www.facebook.com\/passionforpalma\" \/>\n<meta property=\"og:image\" content=\"https:\/\/visitpalma.com\/wp-content\/uploads\/2026\/04\/DISNEY.png\" \/>\n\t<meta property=\"og:image:width\" content=\"900\" \/>\n\t<meta property=\"og:image:height\" content=\"600\" \/>\n\t<meta property=\"og:image:type\" content=\"image\/png\" \/>\n<meta name=\"twitter:card\" content=\"summary_large_image\" \/>\n<meta name=\"twitter:site\" content=\"@passionforpalma\" \/>\n<script type=\"application\/ld+json\" class=\"yoast-schema-graph\">{\"@context\":\"https:\\\/\\\/schema.org\",\"@graph\":[{\"@type\":\"WebPage\",\"@id\":\"https:\\\/\\\/visitpalma.com\\\/ca\\\/event\\\/un-segle-de-magia-un-homenatge-a-disney\\\/\",\"url\":\"https:\\\/\\\/visitpalma.com\\\/ca\\\/event\\\/un-segle-de-magia-un-homenatge-a-disney\\\/\",\"name\":\"UN SEGLE DE M\u00c0GIA - Un homenatge a Disney - Visit Palma\",\"isPartOf\":{\"@id\":\"https:\\\/\\\/visitpalma.com\\\/ca\\\/#website\"},\"primaryImageOfPage\":{\"@id\":\"https:\\\/\\\/visitpalma.com\\\/ca\\\/event\\\/un-segle-de-magia-un-homenatge-a-disney\\\/#primaryimage\"},\"image\":{\"@id\":\"https:\\\/\\\/visitpalma.com\\\/ca\\\/event\\\/un-segle-de-magia-un-homenatge-a-disney\\\/#primaryimage\"},\"thumbnailUrl\":\"https:\\\/\\\/visitpalma.com\\\/wp-content\\\/uploads\\\/2026\\\/04\\\/DISNEY.png\",\"datePublished\":\"2026-04-29T11:05:08+00:00\",\"breadcrumb\":{\"@id\":\"https:\\\/\\\/visitpalma.com\\\/ca\\\/event\\\/un-segle-de-magia-un-homenatge-a-disney\\\/#breadcrumb\"},\"inLanguage\":\"ca\",\"potentialAction\":[{\"@type\":\"ReadAction\",\"target\":[\"https:\\\/\\\/visitpalma.com\\\/ca\\\/event\\\/un-segle-de-magia-un-homenatge-a-disney\\\/\"]}]},{\"@type\":\"ImageObject\",\"inLanguage\":\"ca\",\"@id\":\"https:\\\/\\\/visitpalma.com\\\/ca\\\/event\\\/un-segle-de-magia-un-homenatge-a-disney\\\/#primaryimage\",\"url\":\"https:\\\/\\\/visitpalma.com\\\/wp-content\\\/uploads\\\/2026\\\/04\\\/DISNEY.png\",\"contentUrl\":\"https:\\\/\\\/visitpalma.com\\\/wp-content\\\/uploads\\\/2026\\\/04\\\/DISNEY.png\",\"width\":900,\"height\":600},{\"@type\":\"BreadcrumbList\",\"@id\":\"https:\\\/\\\/visitpalma.com\\\/ca\\\/event\\\/un-segle-de-magia-un-homenatge-a-disney\\\/#breadcrumb\",\"itemListElement\":[{\"@type\":\"ListItem\",\"position\":1,\"name\":\"Inicio\",\"item\":\"https:\\\/\\\/visitpalma.com\\\/ca\\\/\"},{\"@type\":\"ListItem\",\"position\":2,\"name\":\"Esdeveniments\",\"item\":\"https:\\\/\\\/visitpalma.com\\\/ca\\\/events\\\/\"},{\"@type\":\"ListItem\",\"position\":3,\"name\":\"UN SEGLE DE M\u00c0GIA &#8211; Un homenatge a Disney\"}]},{\"@type\":\"WebSite\",\"@id\":\"https:\\\/\\\/visitpalma.com\\\/ca\\\/#website\",\"url\":\"https:\\\/\\\/visitpalma.com\\\/ca\\\/\",\"name\":\"Visit Palma\",\"description\":\"\",\"publisher\":{\"@id\":\"https:\\\/\\\/visitpalma.com\\\/ca\\\/#organization\"},\"potentialAction\":[{\"@type\":\"SearchAction\",\"target\":{\"@type\":\"EntryPoint\",\"urlTemplate\":\"https:\\\/\\\/visitpalma.com\\\/ca\\\/?s={search_term_string}\"},\"query-input\":{\"@type\":\"PropertyValueSpecification\",\"valueRequired\":true,\"valueName\":\"search_term_string\"}}],\"inLanguage\":\"ca\"},{\"@type\":\"Organization\",\"@id\":\"https:\\\/\\\/visitpalma.com\\\/ca\\\/#organization\",\"name\":\"Fundaci\u00f3n Turismo Palma de Mallorca 365\",\"url\":\"https:\\\/\\\/visitpalma.com\\\/ca\\\/\",\"logo\":{\"@type\":\"ImageObject\",\"inLanguage\":\"ca\",\"@id\":\"https:\\\/\\\/visitpalma.com\\\/ca\\\/#\\\/schema\\\/logo\\\/image\\\/\",\"url\":\"https:\\\/\\\/visitpalma.com\\\/wp-content\\\/uploads\\\/2025\\\/05\\\/Logo-Passion-for-Palma-de-Mallorca.svg\",\"contentUrl\":\"https:\\\/\\\/visitpalma.com\\\/wp-content\\\/uploads\\\/2025\\\/05\\\/Logo-Passion-for-Palma-de-Mallorca.svg\",\"width\":377,\"height\":377,\"caption\":\"Fundaci\u00f3n Turismo Palma de Mallorca 365\"},\"image\":{\"@id\":\"https:\\\/\\\/visitpalma.com\\\/ca\\\/#\\\/schema\\\/logo\\\/image\\\/\"},\"sameAs\":[\"https:\\\/\\\/www.facebook.com\\\/passionforpalma\",\"https:\\\/\\\/x.com\\\/passionforpalma\",\"https:\\\/\\\/www.instagram.com\\\/passionforpalma_\\\/\",\"https:\\\/\\\/www.youtube.com\\\/channel\\\/UCALF2N1FRnmAZYBttkQjedA\"]}]}<\/script>\n<!-- \/ Yoast SEO plugin. -->","yoast_head_json":{"title":"UN SEGLE DE M\u00c0GIA - Un homenatge a Disney - Visit Palma","robots":{"index":"index","follow":"follow","max-snippet":"max-snippet:-1","max-image-preview":"max-image-preview:large","max-video-preview":"max-video-preview:-1"},"canonical":"https:\/\/visitpalma.com\/ca\/event\/un-segle-de-magia-un-homenatge-a-disney\/","og_locale":"ca_ES","og_type":"article","og_title":"UN SEGLE DE M\u00c0GIA - Un homenatge a Disney - Visit Palma","og_description":"Un segle de m\u00e0gia \u00e9s un espectacle que ret homenatge al centenari de Disney a trav\u00e9s d&#8217;algunes de les seves can\u00e7ons m\u00e9s ic\u00f2niques. Un viatge musical a trav\u00e9s de melodies [&hellip;]","og_url":"https:\/\/visitpalma.com\/ca\/event\/un-segle-de-magia-un-homenatge-a-disney\/","og_site_name":"Visit Palma","article_publisher":"https:\/\/www.facebook.com\/passionforpalma","og_image":[{"width":900,"height":600,"url":"https:\/\/visitpalma.com\/wp-content\/uploads\/2026\/04\/DISNEY.png","type":"image\/png"}],"twitter_card":"summary_large_image","twitter_site":"@passionforpalma","schema":{"@context":"https:\/\/schema.org","@graph":[{"@type":"WebPage","@id":"https:\/\/visitpalma.com\/ca\/event\/un-segle-de-magia-un-homenatge-a-disney\/","url":"https:\/\/visitpalma.com\/ca\/event\/un-segle-de-magia-un-homenatge-a-disney\/","name":"UN SEGLE DE M\u00c0GIA - Un homenatge a Disney - Visit Palma","isPartOf":{"@id":"https:\/\/visitpalma.com\/ca\/#website"},"primaryImageOfPage":{"@id":"https:\/\/visitpalma.com\/ca\/event\/un-segle-de-magia-un-homenatge-a-disney\/#primaryimage"},"image":{"@id":"https:\/\/visitpalma.com\/ca\/event\/un-segle-de-magia-un-homenatge-a-disney\/#primaryimage"},"thumbnailUrl":"https:\/\/visitpalma.com\/wp-content\/uploads\/2026\/04\/DISNEY.png","datePublished":"2026-04-29T11:05:08+00:00","breadcrumb":{"@id":"https:\/\/visitpalma.com\/ca\/event\/un-segle-de-magia-un-homenatge-a-disney\/#breadcrumb"},"inLanguage":"ca","potentialAction":[{"@type":"ReadAction","target":["https:\/\/visitpalma.com\/ca\/event\/un-segle-de-magia-un-homenatge-a-disney\/"]}]},{"@type":"ImageObject","inLanguage":"ca","@id":"https:\/\/visitpalma.com\/ca\/event\/un-segle-de-magia-un-homenatge-a-disney\/#primaryimage","url":"https:\/\/visitpalma.com\/wp-content\/uploads\/2026\/04\/DISNEY.png","contentUrl":"https:\/\/visitpalma.com\/wp-content\/uploads\/2026\/04\/DISNEY.png","width":900,"height":600},{"@type":"BreadcrumbList","@id":"https:\/\/visitpalma.com\/ca\/event\/un-segle-de-magia-un-homenatge-a-disney\/#breadcrumb","itemListElement":[{"@type":"ListItem","position":1,"name":"Inicio","item":"https:\/\/visitpalma.com\/ca\/"},{"@type":"ListItem","position":2,"name":"Esdeveniments","item":"https:\/\/visitpalma.com\/ca\/events\/"},{"@type":"ListItem","position":3,"name":"UN SEGLE DE M\u00c0GIA &#8211; Un homenatge a Disney"}]},{"@type":"WebSite","@id":"https:\/\/visitpalma.com\/ca\/#website","url":"https:\/\/visitpalma.com\/ca\/","name":"Visit Palma","description":"","publisher":{"@id":"https:\/\/visitpalma.com\/ca\/#organization"},"potentialAction":[{"@type":"SearchAction","target":{"@type":"EntryPoint","urlTemplate":"https:\/\/visitpalma.com\/ca\/?s={search_term_string}"},"query-input":{"@type":"PropertyValueSpecification","valueRequired":true,"valueName":"search_term_string"}}],"inLanguage":"ca"},{"@type":"Organization","@id":"https:\/\/visitpalma.com\/ca\/#organization","name":"Fundaci\u00f3n Turismo Palma de Mallorca 365","url":"https:\/\/visitpalma.com\/ca\/","logo":{"@type":"ImageObject","inLanguage":"ca","@id":"https:\/\/visitpalma.com\/ca\/#\/schema\/logo\/image\/","url":"https:\/\/visitpalma.com\/wp-content\/uploads\/2025\/05\/Logo-Passion-for-Palma-de-Mallorca.svg","contentUrl":"https:\/\/visitpalma.com\/wp-content\/uploads\/2025\/05\/Logo-Passion-for-Palma-de-Mallorca.svg","width":377,"height":377,"caption":"Fundaci\u00f3n Turismo Palma de Mallorca 365"},"image":{"@id":"https:\/\/visitpalma.com\/ca\/#\/schema\/logo\/image\/"},"sameAs":["https:\/\/www.facebook.com\/passionforpalma","https:\/\/x.com\/passionforpalma","https:\/\/www.instagram.com\/passionforpalma_\/","https:\/\/www.youtube.com\/channel\/UCALF2N1FRnmAZYBttkQjedA"]}]}},"_links":{"self":[{"href":"https:\/\/visitpalma.com\/ca\/wp-json\/wp\/v2\/tribe_events\/20317","targetHints":{"allow":["GET"]}}],"collection":[{"href":"https:\/\/visitpalma.com\/ca\/wp-json\/wp\/v2\/tribe_events"}],"about":[{"href":"https:\/\/visitpalma.com\/ca\/wp-json\/wp\/v2\/types\/tribe_events"}],"author":[{"embeddable":true,"href":"https:\/\/visitpalma.com\/ca\/wp-json\/wp\/v2\/users\/4"}],"version-history":[{"count":0,"href":"https:\/\/visitpalma.com\/ca\/wp-json\/wp\/v2\/tribe_events\/20317\/revisions"}],"wp:featuredmedia":[{"embeddable":true,"href":"https:\/\/visitpalma.com\/ca\/wp-json\/wp\/v2\/media\/20316"}],"wp:attachment":[{"href":"https:\/\/visitpalma.com\/ca\/wp-json\/wp\/v2\/media?parent=20317"}],"wp:term":[{"taxonomy":"post_tag","embeddable":true,"href":"https:\/\/visitpalma.com\/ca\/wp-json\/wp\/v2\/tags?post=20317"},{"taxonomy":"tribe_events_cat","embeddable":true,"href":"https:\/\/visitpalma.com\/ca\/wp-json\/wp\/v2\/tribe_events_cat?post=20317"}],"curies":[{"name":"wp","href":"https:\/\/api.w.org\/{rel}","templated":true}]}}

UN SEGLE DE MÀGIA &#8211; Un homenatge a Disney

<p>Un segle de màgia és un espectacle que ret homenatge al centenari de Disney a través d&#8217;algunes de les seves cançons més icòniques. Un viatge musical a través de melodies que han marcat generacions, on l&#8217;emoció, la nostàlgia i la fantasia s&#8217;entrellacen per crear una experiència inoblidable. </p>
<p>El 17 de maig al Trui Teatre de Palma.</p>

<p>Un segle de màgia és un espectacle que ret homenatge al centenari de Disney a través d&#8217;algunes de les seves cançons més icòniques. Un viatge musical a través de melodies [&hellip;]</p>

<!-- This site is optimized with the Yoast SEO plugin v27.5 - https://yoast.com/product/yoast-seo-wordpress/ -->
<title>UN SEGLE DE MÀGIA - Un homenatge a Disney - Visit Palma</title>
<meta name="robots" content="index, follow, max-snippet:-1, max-image-preview:large, max-video-preview:-1" />
<link rel="canonical" href="https://visitpalma.com/ca/event/un-segle-de-magia-un-homenatge-a-disney/" />
<meta property="og:locale" content="ca_ES" />
<meta property="og:type" content="article" />
<meta property="og:title" content="UN SEGLE DE MÀGIA - Un homenatge a Disney - Visit Palma" />
<meta property="og:description" content="Un segle de màgia és un espectacle que ret homenatge al centenari de Disney a través d&#8217;algunes de les seves cançons més icòniques. Un viatge musical a través de melodies [&hellip;]" />
<meta property="og:url" content="https://visitpalma.com/ca/event/un-segle-de-magia-un-homenatge-a-disney/" />
<meta property="og:site_name" content="Visit Palma" />
<meta property="article:publisher" content="https://www.facebook.com/passionforpalma" />
<meta property="og:image" content="https://visitpalma.com/wp-content/uploads/2026/04/DISNEY.png" />
	<meta property="og:image:width" content="900" />
	<meta property="og:image:height" content="600" />
	<meta property="og:image:type" content="image/png" />
<meta name="twitter:card" content="summary_large_image" />
<meta name="twitter:site" content="@passionforpalma" />
<script type="application/ld+json" class="yoast-schema-graph">{"@context":"https:\/\/schema.org","@graph":[{"@type":"WebPage","@id":"https:\/\/visitpalma.com\/ca\/event\/un-segle-de-magia-un-homenatge-a-disney\/","url":"https:\/\/visitpalma.com\/ca\/event\/un-segle-de-magia-un-homenatge-a-disney\/","name":"UN SEGLE DE MÀGIA - Un homenatge a Disney - Visit Palma","isPartOf":{"@id":"https:\/\/visitpalma.com\/ca\/#website"},"primaryImageOfPage":{"@id":"https:\/\/visitpalma.com\/ca\/event\/un-segle-de-magia-un-homenatge-a-disney\/#primaryimage"},"image":{"@id":"https:\/\/visitpalma.com\/ca\/event\/un-segle-de-magia-un-homenatge-a-disney\/#primaryimage"},"thumbnailUrl":"https:\/\/visitpalma.com\/wp-content\/uploads\/2026\/04\/DISNEY.png","datePublished":"2026-04-29T11:05:08+00:00","breadcrumb":{"@id":"https:\/\/visitpalma.com\/ca\/event\/un-segle-de-magia-un-homenatge-a-disney\/#breadcrumb"},"inLanguage":"ca","potentialAction":[{"@type":"ReadAction","target":["https:\/\/visitpalma.com\/ca\/event\/un-segle-de-magia-un-homenatge-a-disney\/"]}]},{"@type":"ImageObject","inLanguage":"ca","@id":"https:\/\/visitpalma.com\/ca\/event\/un-segle-de-magia-un-homenatge-a-disney\/#primaryimage","url":"https:\/\/visitpalma.com\/wp-content\/uploads\/2026\/04\/DISNEY.png","contentUrl":"https:\/\/visitpalma.com\/wp-content\/uploads\/2026\/04\/DISNEY.png","width":900,"height":600},{"@type":"BreadcrumbList","@id":"https:\/\/visitpalma.com\/ca\/event\/un-segle-de-magia-un-homenatge-a-disney\/#breadcrumb","itemListElement":[{"@type":"ListItem","position":1,"name":"Inicio","item":"https:\/\/visitpalma.com\/ca\/"},{"@type":"ListItem","position":2,"name":"Esdeveniments","item":"https:\/\/visitpalma.com\/ca\/events\/"},{"@type":"ListItem","position":3,"name":"UN SEGLE DE MÀGIA &#8211; Un homenatge a Disney"}]},{"@type":"WebSite","@id":"https:\/\/visitpalma.com\/ca\/#website","url":"https:\/\/visitpalma.com\/ca\/","name":"Visit Palma","description":"","publisher":{"@id":"https:\/\/visitpalma.com\/ca\/#organization"},"potentialAction":[{"@type":"SearchAction","target":{"@type":"EntryPoint","urlTemplate":"https:\/\/visitpalma.com\/ca\/?s={search_term_string}"},"query-input":{"@type":"PropertyValueSpecification","valueRequired":true,"valueName":"search_term_string"}}],"inLanguage":"ca"},{"@type":"Organization","@id":"https:\/\/visitpalma.com\/ca\/#organization","name":"Fundación Turismo Palma de Mallorca 365","url":"https:\/\/visitpalma.com\/ca\/","logo":{"@type":"ImageObject","inLanguage":"ca","@id":"https:\/\/visitpalma.com\/ca\/#\/schema\/logo\/image\/","url":"https:\/\/visitpalma.com\/wp-content\/uploads\/2025\/05\/Logo-Passion-for-Palma-de-Mallorca.svg","contentUrl":"https:\/\/visitpalma.com\/wp-content\/uploads\/2025\/05\/Logo-Passion-for-Palma-de-Mallorca.svg","width":377,"height":377,"caption":"Fundación Turismo Palma de Mallorca 365"},"image":{"@id":"https:\/\/visitpalma.com\/ca\/#\/schema\/logo\/image\/"},"sameAs":["https:\/\/www.facebook.com\/passionforpalma","https:\/\/x.com\/passionforpalma","https:\/\/www.instagram.com\/passionforpalma_\/","https:\/\/www.youtube.com\/channel\/UCALF2N1FRnmAZYBttkQjedA"]}]}</script>
<!-- / Yoast SEO plugin. -->

UN SEGLE DE MÀGIA - Un homenatge a Disney - Visit Palma

Un segle de màgia és un espectacle que ret homenatge al centenari de Disney a través d&#8217;algunes de les seves cançons més icòniques. Un viatge musical a través de melodies [&hellip;]

Fundación Turismo Palma de Mallorca 365
