{"id":20312,"date":"2026-04-29T12:45:21","date_gmt":"2026-04-29T10:45:21","guid":{"rendered":"https:\/\/visitpalma.com\/event\/el-ballet-de-charlie-a-la-fabrica-de-xocolata\/"},"modified":"2026-04-29T12:45:21","modified_gmt":"2026-04-29T10:45:21","slug":"el-ballet-de-charlie-a-la-fabrica-de-xocolata","status":"publish","type":"tribe_events","link":"https:\/\/visitpalma.com\/ca\/event\/el-ballet-de-charlie-a-la-fabrica-de-xocolata\/","title":{"rendered":"EL BALLET DE CHARLIE A LA F\u00c0BRICA DE XOCOLATA"},"content":{"rendered":"<p>El Trui Teatre de Palma de Mallorca presenta una nova producci\u00f3 coreogr\u00e0fica que convida el p\u00fablic a endinsar-se en un m\u00f3n ple de fantasia, emoci\u00f3 i dansa. Aquest ballet, inspirat lliurement en <em>Charlie i la f\u00e0brica de xocolata<\/em>, ofereix una experi\u00e8ncia teatral \u00fanica en qu\u00e8 la imaginaci\u00f3 i el moviment s\u00f3n els protagonistes. <\/p>\n<p>No us ho perdeu el 16 de maig: aconseguiu les vostres entrades aqu\u00ed: https:\/\/truiteatre.janto.es\/espectaculo\/charlie-y-la-fabrica-de-chocolate&#8211;el-ballet\/CHARLIE<\/p>\n","protected":false},"excerpt":{"rendered":"<p>El Trui Teatre de Palma de Mallorca presenta una nova producci\u00f3 coreogr\u00e0fica que convida el p\u00fablic a endinsar-se en un m\u00f3n ple de fantasia, emoci\u00f3 i dansa. Aquest ballet, inspirat [&hellip;]<\/p>\n","protected":false},"author":4,"featured_media":20311,"template":"","meta":{"_monsterinsights_skip_tracking":false,"_monsterinsights_sitenote_active":false,"_monsterinsights_sitenote_note":"","_monsterinsights_sitenote_category":0,"_tribe_events_status":"","_tribe_events_status_reason":"","footnotes":""},"tags":[],"tribe_events_cat":[175],"class_list":["post-20312","tribe_events","type-tribe_events","status-publish","has-post-thumbnail","hentry","tribe_events_cat-infantil-ca","cat_infantil-ca"],"yoast_head":"<!-- This site is optimized with the Yoast SEO plugin v27.5 - https:\/\/yoast.com\/product\/yoast-seo-wordpress\/ -->\n<title>EL BALLET DE CHARLIE A LA F\u00c0BRICA DE XOCOLATA - Visit Palma<\/title>\n<meta name=\"robots\" content=\"index, follow, max-snippet:-1, max-image-preview:large, max-video-preview:-1\" \/>\n<link rel=\"canonical\" href=\"https:\/\/visitpalma.com\/ca\/event\/el-ballet-de-charlie-a-la-fabrica-de-xocolata\/\" \/>\n<meta property=\"og:locale\" content=\"ca_ES\" \/>\n<meta property=\"og:type\" content=\"article\" \/>\n<meta property=\"og:title\" content=\"EL BALLET DE CHARLIE A LA F\u00c0BRICA DE XOCOLATA - Visit Palma\" \/>\n<meta property=\"og:description\" content=\"El Trui Teatre de Palma de Mallorca presenta una nova producci\u00f3 coreogr\u00e0fica que convida el p\u00fablic a endinsar-se en un m\u00f3n ple de fantasia, emoci\u00f3 i dansa. Aquest ballet, inspirat [&hellip;]\" \/>\n<meta property=\"og:url\" content=\"https:\/\/visitpalma.com\/ca\/event\/el-ballet-de-charlie-a-la-fabrica-de-xocolata\/\" \/>\n<meta property=\"og:site_name\" content=\"Visit Palma\" \/>\n<meta property=\"article:publisher\" content=\"https:\/\/www.facebook.com\/passionforpalma\" \/>\n<meta property=\"og:image\" content=\"https:\/\/visitpalma.com\/wp-content\/uploads\/2026\/04\/Charlie-en-la-fabrica-de-chocolate.jpg\" \/>\n\t<meta property=\"og:image:width\" content=\"900\" \/>\n\t<meta property=\"og:image:height\" content=\"600\" \/>\n\t<meta property=\"og:image:type\" content=\"image\/jpeg\" \/>\n<meta name=\"twitter:card\" content=\"summary_large_image\" \/>\n<meta name=\"twitter:site\" content=\"@passionforpalma\" \/>\n<script type=\"application\/ld+json\" class=\"yoast-schema-graph\">{\"@context\":\"https:\\\/\\\/schema.org\",\"@graph\":[{\"@type\":\"WebPage\",\"@id\":\"https:\\\/\\\/visitpalma.com\\\/ca\\\/event\\\/el-ballet-de-charlie-a-la-fabrica-de-xocolata\\\/\",\"url\":\"https:\\\/\\\/visitpalma.com\\\/ca\\\/event\\\/el-ballet-de-charlie-a-la-fabrica-de-xocolata\\\/\",\"name\":\"EL BALLET DE CHARLIE A LA F\u00c0BRICA DE XOCOLATA - Visit Palma\",\"isPartOf\":{\"@id\":\"https:\\\/\\\/visitpalma.com\\\/ca\\\/#website\"},\"primaryImageOfPage\":{\"@id\":\"https:\\\/\\\/visitpalma.com\\\/ca\\\/event\\\/el-ballet-de-charlie-a-la-fabrica-de-xocolata\\\/#primaryimage\"},\"image\":{\"@id\":\"https:\\\/\\\/visitpalma.com\\\/ca\\\/event\\\/el-ballet-de-charlie-a-la-fabrica-de-xocolata\\\/#primaryimage\"},\"thumbnailUrl\":\"https:\\\/\\\/visitpalma.com\\\/wp-content\\\/uploads\\\/2026\\\/04\\\/Charlie-en-la-fabrica-de-chocolate.jpg\",\"datePublished\":\"2026-04-29T10:45:21+00:00\",\"breadcrumb\":{\"@id\":\"https:\\\/\\\/visitpalma.com\\\/ca\\\/event\\\/el-ballet-de-charlie-a-la-fabrica-de-xocolata\\\/#breadcrumb\"},\"inLanguage\":\"ca\",\"potentialAction\":[{\"@type\":\"ReadAction\",\"target\":[\"https:\\\/\\\/visitpalma.com\\\/ca\\\/event\\\/el-ballet-de-charlie-a-la-fabrica-de-xocolata\\\/\"]}]},{\"@type\":\"ImageObject\",\"inLanguage\":\"ca\",\"@id\":\"https:\\\/\\\/visitpalma.com\\\/ca\\\/event\\\/el-ballet-de-charlie-a-la-fabrica-de-xocolata\\\/#primaryimage\",\"url\":\"https:\\\/\\\/visitpalma.com\\\/wp-content\\\/uploads\\\/2026\\\/04\\\/Charlie-en-la-fabrica-de-chocolate.jpg\",\"contentUrl\":\"https:\\\/\\\/visitpalma.com\\\/wp-content\\\/uploads\\\/2026\\\/04\\\/Charlie-en-la-fabrica-de-chocolate.jpg\",\"width\":900,\"height\":600},{\"@type\":\"BreadcrumbList\",\"@id\":\"https:\\\/\\\/visitpalma.com\\\/ca\\\/event\\\/el-ballet-de-charlie-a-la-fabrica-de-xocolata\\\/#breadcrumb\",\"itemListElement\":[{\"@type\":\"ListItem\",\"position\":1,\"name\":\"Inicio\",\"item\":\"https:\\\/\\\/visitpalma.com\\\/ca\\\/\"},{\"@type\":\"ListItem\",\"position\":2,\"name\":\"Esdeveniments\",\"item\":\"https:\\\/\\\/visitpalma.com\\\/ca\\\/events\\\/\"},{\"@type\":\"ListItem\",\"position\":3,\"name\":\"EL BALLET DE CHARLIE A LA F\u00c0BRICA DE XOCOLATA\"}]},{\"@type\":\"WebSite\",\"@id\":\"https:\\\/\\\/visitpalma.com\\\/ca\\\/#website\",\"url\":\"https:\\\/\\\/visitpalma.com\\\/ca\\\/\",\"name\":\"Visit Palma\",\"description\":\"\",\"publisher\":{\"@id\":\"https:\\\/\\\/visitpalma.com\\\/ca\\\/#organization\"},\"potentialAction\":[{\"@type\":\"SearchAction\",\"target\":{\"@type\":\"EntryPoint\",\"urlTemplate\":\"https:\\\/\\\/visitpalma.com\\\/ca\\\/?s={search_term_string}\"},\"query-input\":{\"@type\":\"PropertyValueSpecification\",\"valueRequired\":true,\"valueName\":\"search_term_string\"}}],\"inLanguage\":\"ca\"},{\"@type\":\"Organization\",\"@id\":\"https:\\\/\\\/visitpalma.com\\\/ca\\\/#organization\",\"name\":\"Fundaci\u00f3n Turismo Palma de Mallorca 365\",\"url\":\"https:\\\/\\\/visitpalma.com\\\/ca\\\/\",\"logo\":{\"@type\":\"ImageObject\",\"inLanguage\":\"ca\",\"@id\":\"https:\\\/\\\/visitpalma.com\\\/ca\\\/#\\\/schema\\\/logo\\\/image\\\/\",\"url\":\"https:\\\/\\\/visitpalma.com\\\/wp-content\\\/uploads\\\/2025\\\/05\\\/Logo-Passion-for-Palma-de-Mallorca.svg\",\"contentUrl\":\"https:\\\/\\\/visitpalma.com\\\/wp-content\\\/uploads\\\/2025\\\/05\\\/Logo-Passion-for-Palma-de-Mallorca.svg\",\"width\":377,\"height\":377,\"caption\":\"Fundaci\u00f3n Turismo Palma de Mallorca 365\"},\"image\":{\"@id\":\"https:\\\/\\\/visitpalma.com\\\/ca\\\/#\\\/schema\\\/logo\\\/image\\\/\"},\"sameAs\":[\"https:\\\/\\\/www.facebook.com\\\/passionforpalma\",\"https:\\\/\\\/x.com\\\/passionforpalma\",\"https:\\\/\\\/www.instagram.com\\\/passionforpalma_\\\/\",\"https:\\\/\\\/www.youtube.com\\\/channel\\\/UCALF2N1FRnmAZYBttkQjedA\"]}]}<\/script>\n<!-- \/ Yoast SEO plugin. -->","yoast_head_json":{"title":"EL BALLET DE CHARLIE A LA F\u00c0BRICA DE XOCOLATA - Visit Palma","robots":{"index":"index","follow":"follow","max-snippet":"max-snippet:-1","max-image-preview":"max-image-preview:large","max-video-preview":"max-video-preview:-1"},"canonical":"https:\/\/visitpalma.com\/ca\/event\/el-ballet-de-charlie-a-la-fabrica-de-xocolata\/","og_locale":"ca_ES","og_type":"article","og_title":"EL BALLET DE CHARLIE A LA F\u00c0BRICA DE XOCOLATA - Visit Palma","og_description":"El Trui Teatre de Palma de Mallorca presenta una nova producci\u00f3 coreogr\u00e0fica que convida el p\u00fablic a endinsar-se en un m\u00f3n ple de fantasia, emoci\u00f3 i dansa. Aquest ballet, inspirat [&hellip;]","og_url":"https:\/\/visitpalma.com\/ca\/event\/el-ballet-de-charlie-a-la-fabrica-de-xocolata\/","og_site_name":"Visit Palma","article_publisher":"https:\/\/www.facebook.com\/passionforpalma","og_image":[{"width":900,"height":600,"url":"https:\/\/visitpalma.com\/wp-content\/uploads\/2026\/04\/Charlie-en-la-fabrica-de-chocolate.jpg","type":"image\/jpeg"}],"twitter_card":"summary_large_image","twitter_site":"@passionforpalma","schema":{"@context":"https:\/\/schema.org","@graph":[{"@type":"WebPage","@id":"https:\/\/visitpalma.com\/ca\/event\/el-ballet-de-charlie-a-la-fabrica-de-xocolata\/","url":"https:\/\/visitpalma.com\/ca\/event\/el-ballet-de-charlie-a-la-fabrica-de-xocolata\/","name":"EL BALLET DE CHARLIE A LA F\u00c0BRICA DE XOCOLATA - Visit Palma","isPartOf":{"@id":"https:\/\/visitpalma.com\/ca\/#website"},"primaryImageOfPage":{"@id":"https:\/\/visitpalma.com\/ca\/event\/el-ballet-de-charlie-a-la-fabrica-de-xocolata\/#primaryimage"},"image":{"@id":"https:\/\/visitpalma.com\/ca\/event\/el-ballet-de-charlie-a-la-fabrica-de-xocolata\/#primaryimage"},"thumbnailUrl":"https:\/\/visitpalma.com\/wp-content\/uploads\/2026\/04\/Charlie-en-la-fabrica-de-chocolate.jpg","datePublished":"2026-04-29T10:45:21+00:00","breadcrumb":{"@id":"https:\/\/visitpalma.com\/ca\/event\/el-ballet-de-charlie-a-la-fabrica-de-xocolata\/#breadcrumb"},"inLanguage":"ca","potentialAction":[{"@type":"ReadAction","target":["https:\/\/visitpalma.com\/ca\/event\/el-ballet-de-charlie-a-la-fabrica-de-xocolata\/"]}]},{"@type":"ImageObject","inLanguage":"ca","@id":"https:\/\/visitpalma.com\/ca\/event\/el-ballet-de-charlie-a-la-fabrica-de-xocolata\/#primaryimage","url":"https:\/\/visitpalma.com\/wp-content\/uploads\/2026\/04\/Charlie-en-la-fabrica-de-chocolate.jpg","contentUrl":"https:\/\/visitpalma.com\/wp-content\/uploads\/2026\/04\/Charlie-en-la-fabrica-de-chocolate.jpg","width":900,"height":600},{"@type":"BreadcrumbList","@id":"https:\/\/visitpalma.com\/ca\/event\/el-ballet-de-charlie-a-la-fabrica-de-xocolata\/#breadcrumb","itemListElement":[{"@type":"ListItem","position":1,"name":"Inicio","item":"https:\/\/visitpalma.com\/ca\/"},{"@type":"ListItem","position":2,"name":"Esdeveniments","item":"https:\/\/visitpalma.com\/ca\/events\/"},{"@type":"ListItem","position":3,"name":"EL BALLET DE CHARLIE A LA F\u00c0BRICA DE XOCOLATA"}]},{"@type":"WebSite","@id":"https:\/\/visitpalma.com\/ca\/#website","url":"https:\/\/visitpalma.com\/ca\/","name":"Visit Palma","description":"","publisher":{"@id":"https:\/\/visitpalma.com\/ca\/#organization"},"potentialAction":[{"@type":"SearchAction","target":{"@type":"EntryPoint","urlTemplate":"https:\/\/visitpalma.com\/ca\/?s={search_term_string}"},"query-input":{"@type":"PropertyValueSpecification","valueRequired":true,"valueName":"search_term_string"}}],"inLanguage":"ca"},{"@type":"Organization","@id":"https:\/\/visitpalma.com\/ca\/#organization","name":"Fundaci\u00f3n Turismo Palma de Mallorca 365","url":"https:\/\/visitpalma.com\/ca\/","logo":{"@type":"ImageObject","inLanguage":"ca","@id":"https:\/\/visitpalma.com\/ca\/#\/schema\/logo\/image\/","url":"https:\/\/visitpalma.com\/wp-content\/uploads\/2025\/05\/Logo-Passion-for-Palma-de-Mallorca.svg","contentUrl":"https:\/\/visitpalma.com\/wp-content\/uploads\/2025\/05\/Logo-Passion-for-Palma-de-Mallorca.svg","width":377,"height":377,"caption":"Fundaci\u00f3n Turismo Palma de Mallorca 365"},"image":{"@id":"https:\/\/visitpalma.com\/ca\/#\/schema\/logo\/image\/"},"sameAs":["https:\/\/www.facebook.com\/passionforpalma","https:\/\/x.com\/passionforpalma","https:\/\/www.instagram.com\/passionforpalma_\/","https:\/\/www.youtube.com\/channel\/UCALF2N1FRnmAZYBttkQjedA"]}]}},"_links":{"self":[{"href":"https:\/\/visitpalma.com\/ca\/wp-json\/wp\/v2\/tribe_events\/20312","targetHints":{"allow":["GET"]}}],"collection":[{"href":"https:\/\/visitpalma.com\/ca\/wp-json\/wp\/v2\/tribe_events"}],"about":[{"href":"https:\/\/visitpalma.com\/ca\/wp-json\/wp\/v2\/types\/tribe_events"}],"author":[{"embeddable":true,"href":"https:\/\/visitpalma.com\/ca\/wp-json\/wp\/v2\/users\/4"}],"version-history":[{"count":0,"href":"https:\/\/visitpalma.com\/ca\/wp-json\/wp\/v2\/tribe_events\/20312\/revisions"}],"wp:featuredmedia":[{"embeddable":true,"href":"https:\/\/visitpalma.com\/ca\/wp-json\/wp\/v2\/media\/20311"}],"wp:attachment":[{"href":"https:\/\/visitpalma.com\/ca\/wp-json\/wp\/v2\/media?parent=20312"}],"wp:term":[{"taxonomy":"post_tag","embeddable":true,"href":"https:\/\/visitpalma.com\/ca\/wp-json\/wp\/v2\/tags?post=20312"},{"taxonomy":"tribe_events_cat","embeddable":true,"href":"https:\/\/visitpalma.com\/ca\/wp-json\/wp\/v2\/tribe_events_cat?post=20312"}],"curies":[{"name":"wp","href":"https:\/\/api.w.org\/{rel}","templated":true}]}}

EL BALLET DE CHARLIE A LA FÀBRICA DE XOCOLATA

<p>El Trui Teatre de Palma de Mallorca presenta una nova producció coreogràfica que convida el públic a endinsar-se en un món ple de fantasia, emoció i dansa. Aquest ballet, inspirat lliurement en <em>Charlie i la fàbrica de xocolata</em>, ofereix una experiència teatral única en què la imaginació i el moviment són els protagonistes. </p>
<p>No us ho perdeu el 16 de maig: aconseguiu les vostres entrades aquí: https://truiteatre.janto.es/espectaculo/charlie-y-la-fabrica-de-chocolate&#8211;el-ballet/CHARLIE</p>

<p>El Trui Teatre de Palma de Mallorca presenta una nova producció coreogràfica que convida el públic a endinsar-se en un món ple de fantasia, emoció i dansa. Aquest ballet, inspirat [&hellip;]</p>

<!-- This site is optimized with the Yoast SEO plugin v27.5 - https://yoast.com/product/yoast-seo-wordpress/ -->
<title>EL BALLET DE CHARLIE A LA FÀBRICA DE XOCOLATA - Visit Palma</title>
<meta name="robots" content="index, follow, max-snippet:-1, max-image-preview:large, max-video-preview:-1" />
<link rel="canonical" href="https://visitpalma.com/ca/event/el-ballet-de-charlie-a-la-fabrica-de-xocolata/" />
<meta property="og:locale" content="ca_ES" />
<meta property="og:type" content="article" />
<meta property="og:title" content="EL BALLET DE CHARLIE A LA FÀBRICA DE XOCOLATA - Visit Palma" />
<meta property="og:description" content="El Trui Teatre de Palma de Mallorca presenta una nova producció coreogràfica que convida el públic a endinsar-se en un món ple de fantasia, emoció i dansa. Aquest ballet, inspirat [&hellip;]" />
<meta property="og:url" content="https://visitpalma.com/ca/event/el-ballet-de-charlie-a-la-fabrica-de-xocolata/" />
<meta property="og:site_name" content="Visit Palma" />
<meta property="article:publisher" content="https://www.facebook.com/passionforpalma" />
<meta property="og:image" content="https://visitpalma.com/wp-content/uploads/2026/04/Charlie-en-la-fabrica-de-chocolate.jpg" />
	<meta property="og:image:width" content="900" />
	<meta property="og:image:height" content="600" />
	<meta property="og:image:type" content="image/jpeg" />
<meta name="twitter:card" content="summary_large_image" />
<meta name="twitter:site" content="@passionforpalma" />
<script type="application/ld+json" class="yoast-schema-graph">{"@context":"https:\/\/schema.org","@graph":[{"@type":"WebPage","@id":"https:\/\/visitpalma.com\/ca\/event\/el-ballet-de-charlie-a-la-fabrica-de-xocolata\/","url":"https:\/\/visitpalma.com\/ca\/event\/el-ballet-de-charlie-a-la-fabrica-de-xocolata\/","name":"EL BALLET DE CHARLIE A LA FÀBRICA DE XOCOLATA - Visit Palma","isPartOf":{"@id":"https:\/\/visitpalma.com\/ca\/#website"},"primaryImageOfPage":{"@id":"https:\/\/visitpalma.com\/ca\/event\/el-ballet-de-charlie-a-la-fabrica-de-xocolata\/#primaryimage"},"image":{"@id":"https:\/\/visitpalma.com\/ca\/event\/el-ballet-de-charlie-a-la-fabrica-de-xocolata\/#primaryimage"},"thumbnailUrl":"https:\/\/visitpalma.com\/wp-content\/uploads\/2026\/04\/Charlie-en-la-fabrica-de-chocolate.jpg","datePublished":"2026-04-29T10:45:21+00:00","breadcrumb":{"@id":"https:\/\/visitpalma.com\/ca\/event\/el-ballet-de-charlie-a-la-fabrica-de-xocolata\/#breadcrumb"},"inLanguage":"ca","potentialAction":[{"@type":"ReadAction","target":["https:\/\/visitpalma.com\/ca\/event\/el-ballet-de-charlie-a-la-fabrica-de-xocolata\/"]}]},{"@type":"ImageObject","inLanguage":"ca","@id":"https:\/\/visitpalma.com\/ca\/event\/el-ballet-de-charlie-a-la-fabrica-de-xocolata\/#primaryimage","url":"https:\/\/visitpalma.com\/wp-content\/uploads\/2026\/04\/Charlie-en-la-fabrica-de-chocolate.jpg","contentUrl":"https:\/\/visitpalma.com\/wp-content\/uploads\/2026\/04\/Charlie-en-la-fabrica-de-chocolate.jpg","width":900,"height":600},{"@type":"BreadcrumbList","@id":"https:\/\/visitpalma.com\/ca\/event\/el-ballet-de-charlie-a-la-fabrica-de-xocolata\/#breadcrumb","itemListElement":[{"@type":"ListItem","position":1,"name":"Inicio","item":"https:\/\/visitpalma.com\/ca\/"},{"@type":"ListItem","position":2,"name":"Esdeveniments","item":"https:\/\/visitpalma.com\/ca\/events\/"},{"@type":"ListItem","position":3,"name":"EL BALLET DE CHARLIE A LA FÀBRICA DE XOCOLATA"}]},{"@type":"WebSite","@id":"https:\/\/visitpalma.com\/ca\/#website","url":"https:\/\/visitpalma.com\/ca\/","name":"Visit Palma","description":"","publisher":{"@id":"https:\/\/visitpalma.com\/ca\/#organization"},"potentialAction":[{"@type":"SearchAction","target":{"@type":"EntryPoint","urlTemplate":"https:\/\/visitpalma.com\/ca\/?s={search_term_string}"},"query-input":{"@type":"PropertyValueSpecification","valueRequired":true,"valueName":"search_term_string"}}],"inLanguage":"ca"},{"@type":"Organization","@id":"https:\/\/visitpalma.com\/ca\/#organization","name":"Fundación Turismo Palma de Mallorca 365","url":"https:\/\/visitpalma.com\/ca\/","logo":{"@type":"ImageObject","inLanguage":"ca","@id":"https:\/\/visitpalma.com\/ca\/#\/schema\/logo\/image\/","url":"https:\/\/visitpalma.com\/wp-content\/uploads\/2025\/05\/Logo-Passion-for-Palma-de-Mallorca.svg","contentUrl":"https:\/\/visitpalma.com\/wp-content\/uploads\/2025\/05\/Logo-Passion-for-Palma-de-Mallorca.svg","width":377,"height":377,"caption":"Fundación Turismo Palma de Mallorca 365"},"image":{"@id":"https:\/\/visitpalma.com\/ca\/#\/schema\/logo\/image\/"},"sameAs":["https:\/\/www.facebook.com\/passionforpalma","https:\/\/x.com\/passionforpalma","https:\/\/www.instagram.com\/passionforpalma_\/","https:\/\/www.youtube.com\/channel\/UCALF2N1FRnmAZYBttkQjedA"]}]}</script>
<!-- / Yoast SEO plugin. -->

EL BALLET DE CHARLIE A LA FÀBRICA DE XOCOLATA - Visit Palma

El Trui Teatre de Palma de Mallorca presenta una nova producció coreogràfica que convida el públic a endinsar-se en un món ple de fantasia, emoció i dansa. Aquest ballet, inspirat [&hellip;]

Fundación Turismo Palma de Mallorca 365
