{"id":20236,"date":"2026-04-23T12:44:09","date_gmt":"2026-04-23T10:44:09","guid":{"rendered":"https:\/\/visitpalma.com\/?post_type=tribe_events&#038;p=20236"},"modified":"2026-04-23T12:45:47","modified_gmt":"2026-04-23T10:45:47","slug":"44o-copa-del-rey-mapfre","status":"publish","type":"tribe_events","link":"https:\/\/visitpalma.com\/ca\/event\/44o-copa-del-rey-mapfre\/","title":{"rendered":"44\u00ba COPA DEL REY MAPFRE"},"content":{"rendered":"<p>La <strong>Copa del Rey de Vela<\/strong> \u00e9s un dels esdeveniments de vela m\u00e9s destacats del Mediterrani, que se celebra cada estiu <strong>a la badia de Palma<\/strong>. L&#8217;edici\u00f3 del 2026 reunir\u00e0 una gran flota internacional de vaixells que competiran en diverses classes, consolidant l&#8217;estatus de l&#8217;esdeveniment com a referent mundial per a la vela de creuer.<\/p>\n<p>Durant diversos dies, equips de diferents pa\u00efsos competeixen en regates intenses en un entorn impressionant, amb un alt nivell de competici\u00f3 i pres\u00e8ncia institucional, cosa que converteix l&#8217;esdeveniment en un espectacle esportiu i social de primera classe.<\/p>\n","protected":false},"excerpt":{"rendered":"<p>La Copa del Rey de Vela \u00e9s un dels esdeveniments de vela m\u00e9s destacats del Mediterrani, que se celebra cada estiu a la badia de Palma. L&#8217;edici\u00f3 del 2026 reunir\u00e0 [&hellip;]<\/p>\n","protected":false},"author":4,"featured_media":20237,"template":"","meta":{"_monsterinsights_skip_tracking":false,"_monsterinsights_sitenote_active":false,"_monsterinsights_sitenote_note":"","_monsterinsights_sitenote_category":0,"_tribe_events_status":"","_tribe_events_status_reason":"","footnotes":""},"tags":[],"tribe_events_cat":[],"class_list":["post-20236","tribe_events","type-tribe_events","status-publish","has-post-thumbnail","hentry"],"yoast_head":"<!-- This site is optimized with the Yoast SEO plugin v27.5 - https:\/\/yoast.com\/product\/yoast-seo-wordpress\/ -->\n<title>44\u00ba COPA DEL REY MAPFRE - Visit Palma<\/title>\n<meta name=\"robots\" content=\"index, follow, max-snippet:-1, max-image-preview:large, max-video-preview:-1\" \/>\n<link rel=\"canonical\" href=\"https:\/\/visitpalma.com\/ca\/event\/44o-copa-del-rey-mapfre\/\" \/>\n<meta property=\"og:locale\" content=\"ca_ES\" \/>\n<meta property=\"og:type\" content=\"article\" \/>\n<meta property=\"og:title\" content=\"44\u00ba COPA DEL REY MAPFRE - Visit Palma\" \/>\n<meta property=\"og:description\" content=\"La Copa del Rey de Vela \u00e9s un dels esdeveniments de vela m\u00e9s destacats del Mediterrani, que se celebra cada estiu a la badia de Palma. L&#8217;edici\u00f3 del 2026 reunir\u00e0 [&hellip;]\" \/>\n<meta property=\"og:url\" content=\"https:\/\/visitpalma.com\/ca\/event\/44o-copa-del-rey-mapfre\/\" \/>\n<meta property=\"og:site_name\" content=\"Visit Palma\" \/>\n<meta property=\"article:publisher\" content=\"https:\/\/www.facebook.com\/passionforpalma\" \/>\n<meta property=\"article:modified_time\" content=\"2026-04-23T10:45:47+00:00\" \/>\n<meta property=\"og:image\" content=\"https:\/\/visitpalma.com\/wp-content\/uploads\/2026\/04\/44-copa-del-rey-mapfre.jpg\" \/>\n\t<meta property=\"og:image:width\" content=\"201\" \/>\n\t<meta property=\"og:image:height\" content=\"251\" \/>\n\t<meta property=\"og:image:type\" content=\"image\/jpeg\" \/>\n<meta name=\"twitter:card\" content=\"summary_large_image\" \/>\n<meta name=\"twitter:site\" content=\"@passionforpalma\" \/>\n<meta name=\"twitter:label1\" content=\"Temps estimat de lectura\" \/>\n\t<meta name=\"twitter:data1\" content=\"1 minut\" \/>\n<script type=\"application\/ld+json\" class=\"yoast-schema-graph\">{\"@context\":\"https:\\\/\\\/schema.org\",\"@graph\":[{\"@type\":\"WebPage\",\"@id\":\"https:\\\/\\\/visitpalma.com\\\/ca\\\/event\\\/44o-copa-del-rey-mapfre\\\/\",\"url\":\"https:\\\/\\\/visitpalma.com\\\/ca\\\/event\\\/44o-copa-del-rey-mapfre\\\/\",\"name\":\"44\u00ba COPA DEL REY MAPFRE - Visit Palma\",\"isPartOf\":{\"@id\":\"https:\\\/\\\/visitpalma.com\\\/ca\\\/#website\"},\"primaryImageOfPage\":{\"@id\":\"https:\\\/\\\/visitpalma.com\\\/ca\\\/event\\\/44o-copa-del-rey-mapfre\\\/#primaryimage\"},\"image\":{\"@id\":\"https:\\\/\\\/visitpalma.com\\\/ca\\\/event\\\/44o-copa-del-rey-mapfre\\\/#primaryimage\"},\"thumbnailUrl\":\"https:\\\/\\\/visitpalma.com\\\/wp-content\\\/uploads\\\/2026\\\/04\\\/44-copa-del-rey-mapfre.jpg\",\"datePublished\":\"2026-04-23T10:44:09+00:00\",\"dateModified\":\"2026-04-23T10:45:47+00:00\",\"breadcrumb\":{\"@id\":\"https:\\\/\\\/visitpalma.com\\\/ca\\\/event\\\/44o-copa-del-rey-mapfre\\\/#breadcrumb\"},\"inLanguage\":\"ca\",\"potentialAction\":[{\"@type\":\"ReadAction\",\"target\":[\"https:\\\/\\\/visitpalma.com\\\/ca\\\/event\\\/44o-copa-del-rey-mapfre\\\/\"]}]},{\"@type\":\"ImageObject\",\"inLanguage\":\"ca\",\"@id\":\"https:\\\/\\\/visitpalma.com\\\/ca\\\/event\\\/44o-copa-del-rey-mapfre\\\/#primaryimage\",\"url\":\"https:\\\/\\\/visitpalma.com\\\/wp-content\\\/uploads\\\/2026\\\/04\\\/44-copa-del-rey-mapfre.jpg\",\"contentUrl\":\"https:\\\/\\\/visitpalma.com\\\/wp-content\\\/uploads\\\/2026\\\/04\\\/44-copa-del-rey-mapfre.jpg\",\"width\":201,\"height\":251},{\"@type\":\"BreadcrumbList\",\"@id\":\"https:\\\/\\\/visitpalma.com\\\/ca\\\/event\\\/44o-copa-del-rey-mapfre\\\/#breadcrumb\",\"itemListElement\":[{\"@type\":\"ListItem\",\"position\":1,\"name\":\"Inicio\",\"item\":\"https:\\\/\\\/visitpalma.com\\\/ca\\\/\"},{\"@type\":\"ListItem\",\"position\":2,\"name\":\"Esdeveniments\",\"item\":\"https:\\\/\\\/visitpalma.com\\\/ca\\\/events\\\/\"},{\"@type\":\"ListItem\",\"position\":3,\"name\":\"44\u00ba COPA DEL REY MAPFRE\"}]},{\"@type\":\"WebSite\",\"@id\":\"https:\\\/\\\/visitpalma.com\\\/ca\\\/#website\",\"url\":\"https:\\\/\\\/visitpalma.com\\\/ca\\\/\",\"name\":\"Visit Palma\",\"description\":\"\",\"publisher\":{\"@id\":\"https:\\\/\\\/visitpalma.com\\\/ca\\\/#organization\"},\"potentialAction\":[{\"@type\":\"SearchAction\",\"target\":{\"@type\":\"EntryPoint\",\"urlTemplate\":\"https:\\\/\\\/visitpalma.com\\\/ca\\\/?s={search_term_string}\"},\"query-input\":{\"@type\":\"PropertyValueSpecification\",\"valueRequired\":true,\"valueName\":\"search_term_string\"}}],\"inLanguage\":\"ca\"},{\"@type\":\"Organization\",\"@id\":\"https:\\\/\\\/visitpalma.com\\\/ca\\\/#organization\",\"name\":\"Fundaci\u00f3n Turismo Palma de Mallorca 365\",\"url\":\"https:\\\/\\\/visitpalma.com\\\/ca\\\/\",\"logo\":{\"@type\":\"ImageObject\",\"inLanguage\":\"ca\",\"@id\":\"https:\\\/\\\/visitpalma.com\\\/ca\\\/#\\\/schema\\\/logo\\\/image\\\/\",\"url\":\"https:\\\/\\\/visitpalma.com\\\/wp-content\\\/uploads\\\/2025\\\/05\\\/Logo-Passion-for-Palma-de-Mallorca.svg\",\"contentUrl\":\"https:\\\/\\\/visitpalma.com\\\/wp-content\\\/uploads\\\/2025\\\/05\\\/Logo-Passion-for-Palma-de-Mallorca.svg\",\"width\":377,\"height\":377,\"caption\":\"Fundaci\u00f3n Turismo Palma de Mallorca 365\"},\"image\":{\"@id\":\"https:\\\/\\\/visitpalma.com\\\/ca\\\/#\\\/schema\\\/logo\\\/image\\\/\"},\"sameAs\":[\"https:\\\/\\\/www.facebook.com\\\/passionforpalma\",\"https:\\\/\\\/x.com\\\/passionforpalma\",\"https:\\\/\\\/www.instagram.com\\\/passionforpalma_\\\/\",\"https:\\\/\\\/www.youtube.com\\\/channel\\\/UCALF2N1FRnmAZYBttkQjedA\"]}]}<\/script>\n<!-- \/ Yoast SEO plugin. -->","yoast_head_json":{"title":"44\u00ba COPA DEL REY MAPFRE - Visit Palma","robots":{"index":"index","follow":"follow","max-snippet":"max-snippet:-1","max-image-preview":"max-image-preview:large","max-video-preview":"max-video-preview:-1"},"canonical":"https:\/\/visitpalma.com\/ca\/event\/44o-copa-del-rey-mapfre\/","og_locale":"ca_ES","og_type":"article","og_title":"44\u00ba COPA DEL REY MAPFRE - Visit Palma","og_description":"La Copa del Rey de Vela \u00e9s un dels esdeveniments de vela m\u00e9s destacats del Mediterrani, que se celebra cada estiu a la badia de Palma. L&#8217;edici\u00f3 del 2026 reunir\u00e0 [&hellip;]","og_url":"https:\/\/visitpalma.com\/ca\/event\/44o-copa-del-rey-mapfre\/","og_site_name":"Visit Palma","article_publisher":"https:\/\/www.facebook.com\/passionforpalma","article_modified_time":"2026-04-23T10:45:47+00:00","og_image":[{"width":201,"height":251,"url":"https:\/\/visitpalma.com\/wp-content\/uploads\/2026\/04\/44-copa-del-rey-mapfre.jpg","type":"image\/jpeg"}],"twitter_card":"summary_large_image","twitter_site":"@passionforpalma","twitter_misc":{"Temps estimat de lectura":"1 minut"},"schema":{"@context":"https:\/\/schema.org","@graph":[{"@type":"WebPage","@id":"https:\/\/visitpalma.com\/ca\/event\/44o-copa-del-rey-mapfre\/","url":"https:\/\/visitpalma.com\/ca\/event\/44o-copa-del-rey-mapfre\/","name":"44\u00ba COPA DEL REY MAPFRE - Visit Palma","isPartOf":{"@id":"https:\/\/visitpalma.com\/ca\/#website"},"primaryImageOfPage":{"@id":"https:\/\/visitpalma.com\/ca\/event\/44o-copa-del-rey-mapfre\/#primaryimage"},"image":{"@id":"https:\/\/visitpalma.com\/ca\/event\/44o-copa-del-rey-mapfre\/#primaryimage"},"thumbnailUrl":"https:\/\/visitpalma.com\/wp-content\/uploads\/2026\/04\/44-copa-del-rey-mapfre.jpg","datePublished":"2026-04-23T10:44:09+00:00","dateModified":"2026-04-23T10:45:47+00:00","breadcrumb":{"@id":"https:\/\/visitpalma.com\/ca\/event\/44o-copa-del-rey-mapfre\/#breadcrumb"},"inLanguage":"ca","potentialAction":[{"@type":"ReadAction","target":["https:\/\/visitpalma.com\/ca\/event\/44o-copa-del-rey-mapfre\/"]}]},{"@type":"ImageObject","inLanguage":"ca","@id":"https:\/\/visitpalma.com\/ca\/event\/44o-copa-del-rey-mapfre\/#primaryimage","url":"https:\/\/visitpalma.com\/wp-content\/uploads\/2026\/04\/44-copa-del-rey-mapfre.jpg","contentUrl":"https:\/\/visitpalma.com\/wp-content\/uploads\/2026\/04\/44-copa-del-rey-mapfre.jpg","width":201,"height":251},{"@type":"BreadcrumbList","@id":"https:\/\/visitpalma.com\/ca\/event\/44o-copa-del-rey-mapfre\/#breadcrumb","itemListElement":[{"@type":"ListItem","position":1,"name":"Inicio","item":"https:\/\/visitpalma.com\/ca\/"},{"@type":"ListItem","position":2,"name":"Esdeveniments","item":"https:\/\/visitpalma.com\/ca\/events\/"},{"@type":"ListItem","position":3,"name":"44\u00ba COPA DEL REY MAPFRE"}]},{"@type":"WebSite","@id":"https:\/\/visitpalma.com\/ca\/#website","url":"https:\/\/visitpalma.com\/ca\/","name":"Visit Palma","description":"","publisher":{"@id":"https:\/\/visitpalma.com\/ca\/#organization"},"potentialAction":[{"@type":"SearchAction","target":{"@type":"EntryPoint","urlTemplate":"https:\/\/visitpalma.com\/ca\/?s={search_term_string}"},"query-input":{"@type":"PropertyValueSpecification","valueRequired":true,"valueName":"search_term_string"}}],"inLanguage":"ca"},{"@type":"Organization","@id":"https:\/\/visitpalma.com\/ca\/#organization","name":"Fundaci\u00f3n Turismo Palma de Mallorca 365","url":"https:\/\/visitpalma.com\/ca\/","logo":{"@type":"ImageObject","inLanguage":"ca","@id":"https:\/\/visitpalma.com\/ca\/#\/schema\/logo\/image\/","url":"https:\/\/visitpalma.com\/wp-content\/uploads\/2025\/05\/Logo-Passion-for-Palma-de-Mallorca.svg","contentUrl":"https:\/\/visitpalma.com\/wp-content\/uploads\/2025\/05\/Logo-Passion-for-Palma-de-Mallorca.svg","width":377,"height":377,"caption":"Fundaci\u00f3n Turismo Palma de Mallorca 365"},"image":{"@id":"https:\/\/visitpalma.com\/ca\/#\/schema\/logo\/image\/"},"sameAs":["https:\/\/www.facebook.com\/passionforpalma","https:\/\/x.com\/passionforpalma","https:\/\/www.instagram.com\/passionforpalma_\/","https:\/\/www.youtube.com\/channel\/UCALF2N1FRnmAZYBttkQjedA"]}]}},"_links":{"self":[{"href":"https:\/\/visitpalma.com\/ca\/wp-json\/wp\/v2\/tribe_events\/20236","targetHints":{"allow":["GET"]}}],"collection":[{"href":"https:\/\/visitpalma.com\/ca\/wp-json\/wp\/v2\/tribe_events"}],"about":[{"href":"https:\/\/visitpalma.com\/ca\/wp-json\/wp\/v2\/types\/tribe_events"}],"author":[{"embeddable":true,"href":"https:\/\/visitpalma.com\/ca\/wp-json\/wp\/v2\/users\/4"}],"version-history":[{"count":2,"href":"https:\/\/visitpalma.com\/ca\/wp-json\/wp\/v2\/tribe_events\/20236\/revisions"}],"predecessor-version":[{"id":20241,"href":"https:\/\/visitpalma.com\/ca\/wp-json\/wp\/v2\/tribe_events\/20236\/revisions\/20241"}],"wp:featuredmedia":[{"embeddable":true,"href":"https:\/\/visitpalma.com\/ca\/wp-json\/wp\/v2\/media\/20237"}],"wp:attachment":[{"href":"https:\/\/visitpalma.com\/ca\/wp-json\/wp\/v2\/media?parent=20236"}],"wp:term":[{"taxonomy":"post_tag","embeddable":true,"href":"https:\/\/visitpalma.com\/ca\/wp-json\/wp\/v2\/tags?post=20236"},{"taxonomy":"tribe_events_cat","embeddable":true,"href":"https:\/\/visitpalma.com\/ca\/wp-json\/wp\/v2\/tribe_events_cat?post=20236"}],"curies":[{"name":"wp","href":"https:\/\/api.w.org\/{rel}","templated":true}]}}

44º COPA DEL REY MAPFRE

<p>La <strong>Copa del Rey de Vela</strong> és un dels esdeveniments de vela més destacats del Mediterrani, que se celebra cada estiu <strong>a la badia de Palma</strong>. L&#8217;edició del 2026 reunirà una gran flota internacional de vaixells que competiran en diverses classes, consolidant l&#8217;estatus de l&#8217;esdeveniment com a referent mundial per a la vela de creuer.</p>
<p>Durant diversos dies, equips de diferents països competeixen en regates intenses en un entorn impressionant, amb un alt nivell de competició i presència institucional, cosa que converteix l&#8217;esdeveniment en un espectacle esportiu i social de primera classe.</p>

<p>La Copa del Rey de Vela és un dels esdeveniments de vela més destacats del Mediterrani, que se celebra cada estiu a la badia de Palma. L&#8217;edició del 2026 reunirà [&hellip;]</p>

<!-- This site is optimized with the Yoast SEO plugin v27.5 - https://yoast.com/product/yoast-seo-wordpress/ -->
<title>44º COPA DEL REY MAPFRE - Visit Palma</title>
<meta name="robots" content="index, follow, max-snippet:-1, max-image-preview:large, max-video-preview:-1" />
<link rel="canonical" href="https://visitpalma.com/ca/event/44o-copa-del-rey-mapfre/" />
<meta property="og:locale" content="ca_ES" />
<meta property="og:type" content="article" />
<meta property="og:title" content="44º COPA DEL REY MAPFRE - Visit Palma" />
<meta property="og:description" content="La Copa del Rey de Vela és un dels esdeveniments de vela més destacats del Mediterrani, que se celebra cada estiu a la badia de Palma. L&#8217;edició del 2026 reunirà [&hellip;]" />
<meta property="og:url" content="https://visitpalma.com/ca/event/44o-copa-del-rey-mapfre/" />
<meta property="og:site_name" content="Visit Palma" />
<meta property="article:publisher" content="https://www.facebook.com/passionforpalma" />
<meta property="article:modified_time" content="2026-04-23T10:45:47+00:00" />
<meta property="og:image" content="https://visitpalma.com/wp-content/uploads/2026/04/44-copa-del-rey-mapfre.jpg" />
	<meta property="og:image:width" content="201" />
	<meta property="og:image:height" content="251" />
	<meta property="og:image:type" content="image/jpeg" />
<meta name="twitter:card" content="summary_large_image" />
<meta name="twitter:site" content="@passionforpalma" />
<meta name="twitter:label1" content="Temps estimat de lectura" />
	<meta name="twitter:data1" content="1 minut" />
<script type="application/ld+json" class="yoast-schema-graph">{"@context":"https:\/\/schema.org","@graph":[{"@type":"WebPage","@id":"https:\/\/visitpalma.com\/ca\/event\/44o-copa-del-rey-mapfre\/","url":"https:\/\/visitpalma.com\/ca\/event\/44o-copa-del-rey-mapfre\/","name":"44º COPA DEL REY MAPFRE - Visit Palma","isPartOf":{"@id":"https:\/\/visitpalma.com\/ca\/#website"},"primaryImageOfPage":{"@id":"https:\/\/visitpalma.com\/ca\/event\/44o-copa-del-rey-mapfre\/#primaryimage"},"image":{"@id":"https:\/\/visitpalma.com\/ca\/event\/44o-copa-del-rey-mapfre\/#primaryimage"},"thumbnailUrl":"https:\/\/visitpalma.com\/wp-content\/uploads\/2026\/04\/44-copa-del-rey-mapfre.jpg","datePublished":"2026-04-23T10:44:09+00:00","dateModified":"2026-04-23T10:45:47+00:00","breadcrumb":{"@id":"https:\/\/visitpalma.com\/ca\/event\/44o-copa-del-rey-mapfre\/#breadcrumb"},"inLanguage":"ca","potentialAction":[{"@type":"ReadAction","target":["https:\/\/visitpalma.com\/ca\/event\/44o-copa-del-rey-mapfre\/"]}]},{"@type":"ImageObject","inLanguage":"ca","@id":"https:\/\/visitpalma.com\/ca\/event\/44o-copa-del-rey-mapfre\/#primaryimage","url":"https:\/\/visitpalma.com\/wp-content\/uploads\/2026\/04\/44-copa-del-rey-mapfre.jpg","contentUrl":"https:\/\/visitpalma.com\/wp-content\/uploads\/2026\/04\/44-copa-del-rey-mapfre.jpg","width":201,"height":251},{"@type":"BreadcrumbList","@id":"https:\/\/visitpalma.com\/ca\/event\/44o-copa-del-rey-mapfre\/#breadcrumb","itemListElement":[{"@type":"ListItem","position":1,"name":"Inicio","item":"https:\/\/visitpalma.com\/ca\/"},{"@type":"ListItem","position":2,"name":"Esdeveniments","item":"https:\/\/visitpalma.com\/ca\/events\/"},{"@type":"ListItem","position":3,"name":"44º COPA DEL REY MAPFRE"}]},{"@type":"WebSite","@id":"https:\/\/visitpalma.com\/ca\/#website","url":"https:\/\/visitpalma.com\/ca\/","name":"Visit Palma","description":"","publisher":{"@id":"https:\/\/visitpalma.com\/ca\/#organization"},"potentialAction":[{"@type":"SearchAction","target":{"@type":"EntryPoint","urlTemplate":"https:\/\/visitpalma.com\/ca\/?s={search_term_string}"},"query-input":{"@type":"PropertyValueSpecification","valueRequired":true,"valueName":"search_term_string"}}],"inLanguage":"ca"},{"@type":"Organization","@id":"https:\/\/visitpalma.com\/ca\/#organization","name":"Fundación Turismo Palma de Mallorca 365","url":"https:\/\/visitpalma.com\/ca\/","logo":{"@type":"ImageObject","inLanguage":"ca","@id":"https:\/\/visitpalma.com\/ca\/#\/schema\/logo\/image\/","url":"https:\/\/visitpalma.com\/wp-content\/uploads\/2025\/05\/Logo-Passion-for-Palma-de-Mallorca.svg","contentUrl":"https:\/\/visitpalma.com\/wp-content\/uploads\/2025\/05\/Logo-Passion-for-Palma-de-Mallorca.svg","width":377,"height":377,"caption":"Fundación Turismo Palma de Mallorca 365"},"image":{"@id":"https:\/\/visitpalma.com\/ca\/#\/schema\/logo\/image\/"},"sameAs":["https:\/\/www.facebook.com\/passionforpalma","https:\/\/x.com\/passionforpalma","https:\/\/www.instagram.com\/passionforpalma_\/","https:\/\/www.youtube.com\/channel\/UCALF2N1FRnmAZYBttkQjedA"]}]}</script>
<!-- / Yoast SEO plugin. -->

44º COPA DEL REY MAPFRE - Visit Palma

La Copa del Rey de Vela és un dels esdeveniments de vela més destacats del Mediterrani, que se celebra cada estiu a la badia de Palma. L&#8217;edició del 2026 reunirà [&hellip;]

Fundación Turismo Palma de Mallorca 365
